{"id":339,"date":"2012-03-09T16:17:54","date_gmt":"2012-03-09T16:17:54","guid":{"rendered":"https:\/\/www.sertoxmur.com\/?page_id=339"},"modified":"2021-12-30T21:12:01","modified_gmt":"2021-12-30T21:12:01","slug":"proyecto-masca","status":"publish","type":"page","link":"https:\/\/www.sertoxmur.com\/?page_id=339","title":{"rendered":"Programa MASCA \/ MECW Scheme"},"content":{"rendered":"\n<h6 class=\"has-normal-font-size wp-block-heading\"><em><span style=\"color: #ff0000;\"><strong>Programa MASCA<\/strong><\/span><\/em> (<strong><em><span style=\"color: #ff0000;\">M<\/span>onitorizaci\u00f3n con <span style=\"color: #ff0000;\">A<\/span>nimales <span style=\"color: #ff0000;\">S<\/span>ilvestres de <span style=\"color: #ff0000;\">C<\/span>ontaminantes <span style=\"color: #ff0000;\">A<\/span>mbientales<\/em><\/strong>)<\/h6>\n\n\n\n<h6 class=\"has-normal-font-size wp-block-heading\"><em><strong><span style=\"color: #ff0000;\">MECW Scheme<\/span> <\/strong><\/em>(<strong><em><span style=\"color: #ff0000;\">M<\/span>onitoring of<span style=\"color: #ff0000;\"> E<\/span>nvironmental <span style=\"color: #ff0000;\">C<\/span>ontaminants in <span style=\"color: #ff0000;\">W<\/span>ildlife<\/em><\/strong>)<\/h6>\n\n\n\n<h6 class=\"has-normal-font-size wp-block-heading\">Con este acr\u00f3nimo seguido del a\u00f1o de la convocatoria de financiaci\u00f3n designamos los diferentes proyectos y contratos de investigaci\u00f3n que hemos venido llevando a cabo desde 1992 en la l\u00ednea de investigaci\u00f3n <em><strong>\u00abU<\/strong><strong>so de especies silvestres como centinelas de riesgo para la salud de las especies, el ser humano y el medio ambiente\u00bb.<\/strong><\/em><\/h6>\n\n\n\n<hr class=\"wp-block-separator\"\/>\n\n\n\n<div class=\"wp-block-image\"><figure class=\"alignleft is-resized\"><a href=\"https:\/\/www.sertoxmur.com\/wp-content\/uploads\/2020\/05\/GI-Toxicologia-UM.png\"><img decoding=\"async\" src=\"https:\/\/www.sertoxmur.com\/wp-content\/uploads\/2020\/05\/GI-Toxicologia-UM.png\" alt=\"\" class=\"wp-image-5314\" width=\"150\" srcset=\"https:\/\/www.sertoxmur.com\/wp-content\/uploads\/2020\/05\/GI-Toxicologia-UM.png 1689w, https:\/\/www.sertoxmur.com\/wp-content\/uploads\/2020\/05\/GI-Toxicologia-UM-300x217.png 300w, https:\/\/www.sertoxmur.com\/wp-content\/uploads\/2020\/05\/GI-Toxicologia-UM-1024x741.png 1024w, https:\/\/www.sertoxmur.com\/wp-content\/uploads\/2020\/05\/GI-Toxicologia-UM-768x556.png 768w, https:\/\/www.sertoxmur.com\/wp-content\/uploads\/2020\/05\/GI-Toxicologia-UM-1536x1111.png 1536w\" sizes=\"(max-width: 1689px) 100vw, 1689px\" \/><\/a><\/figure><\/div>\n\n\n\n<div class=\"wp-block-group is-layout-flow wp-block-group-is-layout-flow\">\n<p><strong>MASCA&#8217;1994<\/strong>. Impregnaci\u00f3n de plomo y cadmio en aves silvestres de diferentes escenarios de contaminaci\u00f3n de la Regi\u00f3n de Murcia. Financiador: Universidad de Murcia. IP &#8211; A.J. Garc\u00eda-Fern\u00e1ndez.<\/p>\n\n\n\n<p><strong>MECW&#8217;1994<\/strong>. Lead and cadmium in tissues of wild birds from different scenarios of environmental contamination in Murcia Region (Southeastern Spain). Funding entity: Universidad de Murcia. PI &#8211; A.J. Garc\u00eda-Fern\u00e1ndez.<\/p>\n<\/div>\n\n\n\n<hr class=\"wp-block-separator\"\/>\n\n\n\n<div class=\"wp-block-image\"><figure class=\"alignleft is-resized\"><a href=\"https:\/\/www.sertoxmur.com\/wp-content\/uploads\/2020\/05\/Captura-de-pantalla-2020-05-17-a-las-3.30.46.png\"><img decoding=\"async\" src=\"https:\/\/www.sertoxmur.com\/wp-content\/uploads\/2020\/05\/Captura-de-pantalla-2020-05-17-a-las-3.30.46.png\" alt=\"\" class=\"wp-image-5309\" width=\"150\" srcset=\"https:\/\/www.sertoxmur.com\/wp-content\/uploads\/2020\/05\/Captura-de-pantalla-2020-05-17-a-las-3.30.46.png 384w, https:\/\/www.sertoxmur.com\/wp-content\/uploads\/2020\/05\/Captura-de-pantalla-2020-05-17-a-las-3.30.46-300x239.png 300w\" sizes=\"(max-width: 384px) 100vw, 384px\" \/><\/a><\/figure><\/div>\n\n\n\n<div class=\"wp-block-group is-layout-flow wp-block-group-is-layout-flow\">\n<p><strong>MASCA&#8217;1997<\/strong>. Aves silvestres como unidades biomonitoras de la contaminaci\u00f3n ambiental: niveles cr\u00edticos de exposici\u00f3n, marcadores de toxicidad y predicci\u00f3n del riesgo toxicol\u00f3gico. Financiador: CICyT (Plan Nacional I+D). IP &#8211; A.J. Garc\u00eda-Fern\u00e1ndez.<\/p>\n\n\n\n<p><strong>MECW&#8217;1997<\/strong>. Wild birds as biomonitors of environmental contamination: critical levels of exposure, toxicity biomarkers and toxic risk prediction. Funding entity: Inter-ministerial Commission for Science and Technology (National Plan for Research and Technological Development. PI &#8211; A.J. Garc\u00eda-Fern\u00e1ndez.<\/p>\n<\/div>\n\n\n\n<hr class=\"wp-block-separator\"\/>\n\n\n\n<div class=\"wp-block-group is-layout-flow wp-block-group-is-layout-flow\">\n<div class=\"wp-block-image\"><figure class=\"alignleft is-resized\"><a href=\"https:\/\/www.sertoxmur.com\/wp-content\/uploads\/2020\/05\/Captura-de-pantalla-2020-05-17-a-las-3.30.46.png\"><img decoding=\"async\" src=\"https:\/\/www.sertoxmur.com\/wp-content\/uploads\/2020\/05\/Captura-de-pantalla-2020-05-17-a-las-3.30.46.png\" alt=\"\" class=\"wp-image-5309\" width=\"150\" srcset=\"https:\/\/www.sertoxmur.com\/wp-content\/uploads\/2020\/05\/Captura-de-pantalla-2020-05-17-a-las-3.30.46.png 384w, https:\/\/www.sertoxmur.com\/wp-content\/uploads\/2020\/05\/Captura-de-pantalla-2020-05-17-a-las-3.30.46-300x239.png 300w\" sizes=\"(max-width: 384px) 100vw, 384px\" \/><\/a><\/figure><\/div>\n\n\n\n<div class=\"wp-block-group is-layout-flow wp-block-group-is-layout-flow\">\n<p><strong>MASCA&#8217;1998<\/strong>. Estudio de la mortandad masiva de aves acu\u00e1ticas en los humedales alicantinos: an\u00e1lisis del riesgo toxicol\u00f3gico. Estrategias de gesti\u00f3n medioambiental. . Financiador: CICyT (Plan Nacional I+D). IP JA S\u00e1nchez-Garc\u00eda (M. G\u00f3mez-Zapata y AJ Garc\u00eda-Fern\u00e1ndez)<\/p>\n\n\n\n<p><strong>MECW&#8217;1998<\/strong>. Study of the mass mortality in waterfowl from Alicante&#8217;s wetlands: Toxic Risk Analysis and Environmental Management Strategies. Financiador: Inter-ministerial Commission for Science and Technology (National Plan for Research and Technological Development). PI JA S\u00e1nchez-Garc\u00eda (M. G\u00f3mez-Zapata y AJ Garc\u00eda-Fern\u00e1ndez)<\/p>\n<\/div>\n<\/div>\n\n\n\n<hr class=\"wp-block-separator\"\/>\n\n\n\n<div class=\"wp-block-image\"><figure class=\"alignleft is-resized\"><a href=\"https:\/\/www.sertoxmur.com\/wp-content\/uploads\/2020\/05\/Captura-de-pantalla-2020-05-17-a-las-3.30.46.png\"><img decoding=\"async\" src=\"https:\/\/www.sertoxmur.com\/wp-content\/uploads\/2020\/05\/Captura-de-pantalla-2020-05-17-a-las-3.30.46.png\" alt=\"\" class=\"wp-image-5309\" width=\"150\" srcset=\"https:\/\/www.sertoxmur.com\/wp-content\/uploads\/2020\/05\/Captura-de-pantalla-2020-05-17-a-las-3.30.46.png 384w, https:\/\/www.sertoxmur.com\/wp-content\/uploads\/2020\/05\/Captura-de-pantalla-2020-05-17-a-las-3.30.46-300x239.png 300w\" sizes=\"(max-width: 384px) 100vw, 384px\" \/><\/a><\/figure><\/div>\n\n\n\n<p><strong>MASCA&#8217;2000<\/strong>. Avances en la monitorizaci\u00f3n de contaminantes ambientales en aves silvestres: toxicovigilancia y marcadores de exposici\u00f3n y efecto. Financiador: CICyT (Plan Nacional I+D) y FEDER. IP A.J. Garc\u00eda-Fern\u00e1ndez.<\/p>\n\n\n\n<p><strong>MWEC&#8217;2000<\/strong>. Progress in monitoring of environmental contaminants in wild birds: toxicosurveillance and biomarkers of exposure and effect. Funding entity: Inter-ministerial Commission for Science and Technology (National Plan for Research and Technological Development) and FEDER. PI &#8211; A.J. Garc\u00eda-Fern\u00e1ndez.<\/p>\n\n\n\n<hr class=\"wp-block-separator\"\/>\n\n\n\n<div class=\"wp-block-group is-layout-flow wp-block-group-is-layout-flow\">\n<div class=\"wp-block-group is-layout-flow wp-block-group-is-layout-flow\">\n<div class=\"wp-block-image\"><figure class=\"alignleft is-resized\"><a href=\"https:\/\/www.sertoxmur.com\/wp-content\/uploads\/2020\/05\/Captura-de-pantalla-2020-05-17-a-las-3.30.46.png\"><img decoding=\"async\" src=\"https:\/\/www.sertoxmur.com\/wp-content\/uploads\/2020\/05\/Captura-de-pantalla-2020-05-17-a-las-3.30.46.png\" alt=\"\" class=\"wp-image-5309\" width=\"150\" srcset=\"https:\/\/www.sertoxmur.com\/wp-content\/uploads\/2020\/05\/Captura-de-pantalla-2020-05-17-a-las-3.30.46.png 384w, https:\/\/www.sertoxmur.com\/wp-content\/uploads\/2020\/05\/Captura-de-pantalla-2020-05-17-a-las-3.30.46-300x239.png 300w\" sizes=\"(max-width: 384px) 100vw, 384px\" \/><\/a><\/figure><\/div>\n\n\n\n<p><strong>MASCA&#8217;2004<\/strong>. Exposici\u00f3n a contaminantes ambientales en dos especies amenazadas (M. Angustirrostris y Ox. Leucocephala) del P.N. El Hondo: nuevos modelos de monitorizaci\u00f3n y evaluaci\u00f3n de efectos. Financiador: MEC (National Plan R+D+i). IP A.J. Garc\u00eda-Fern\u00e1ndez.<\/p>\n\n\n\n<p><strong>MWEC&#8217;2004<\/strong>. Exposure to environmental contaminants in two threatened especies <meta charset=\"utf-8\">(M. Angustirrostris and Ox. Leucocephala) from El Hondo Natural Park: new models for monitoring and evaluation fo effects. Funding entity: Ministry for Education and Culture (National Plan for R+D+i). PI A. J. Garc\u00eda-Fern\u00e1ndez<\/p>\n\n\n\n<p><\/p>\n<\/div>\n<\/div>\n\n\n\n<hr class=\"wp-block-separator\"\/>\n\n\n\n<div class=\"wp-block-group is-layout-flow wp-block-group-is-layout-flow\">\n<div class=\"wp-block-group is-layout-flow wp-block-group-is-layout-flow\">\n<div class=\"wp-block-image\"><figure class=\"alignleft is-resized\"><a href=\"https:\/\/www.sertoxmur.com\/wp-content\/uploads\/2020\/05\/logo-egmasa.png\"><img decoding=\"async\" src=\"https:\/\/www.sertoxmur.com\/wp-content\/uploads\/2020\/05\/logo-egmasa.png\" alt=\"\" class=\"wp-image-5393\" width=\"150\" srcset=\"https:\/\/www.sertoxmur.com\/wp-content\/uploads\/2020\/05\/logo-egmasa.png 560w, https:\/\/www.sertoxmur.com\/wp-content\/uploads\/2020\/05\/logo-egmasa-300x282.png 300w\" sizes=\"(max-width: 560px) 100vw, 560px\" \/><\/a><\/figure><\/div>\n\n\n\n<p><strong>MASCA&#8217;2006<\/strong>. Exposici\u00f3n a contaminantes ambientales persistentes y an\u00e1lisis de venenos en animales silvestres de Andaluc\u00eda. Financiador: EGMASA (Junta de Andaluc\u00eda). IP A.J. Garc\u00eda-Fern\u00e1ndez e Isabel Navas.<\/p>\n\n\n\n<p><strong>MWEC&#8217;200<\/strong>6. Exposure to persistent environmental contaminants and analysis of poisons in wildlife from Andalusia. Funding entity: EGMASA (Junta de Andaluc\u00eda). PI <meta charset=\"utf-8\">A.J. Garc\u00eda-Fern\u00e1ndez e Isabel Navas.<\/p>\n\n\n\n<p><\/p>\n<\/div>\n\n\n\n<p><\/p>\n<\/div>\n\n\n\n<hr class=\"wp-block-separator\"\/>\n\n\n\n<div class=\"wp-block-image\"><figure class=\"alignleft is-resized\"><a href=\"https:\/\/www.sertoxmur.com\/wp-content\/uploads\/2020\/05\/Captura-de-pantalla-2020-05-17-a-las-3.30.46.png\"><img decoding=\"async\" src=\"https:\/\/www.sertoxmur.com\/wp-content\/uploads\/2020\/05\/Captura-de-pantalla-2020-05-17-a-las-3.30.46.png\" alt=\"\" class=\"wp-image-5309\" width=\"150\" srcset=\"https:\/\/www.sertoxmur.com\/wp-content\/uploads\/2020\/05\/Captura-de-pantalla-2020-05-17-a-las-3.30.46.png 384w, https:\/\/www.sertoxmur.com\/wp-content\/uploads\/2020\/05\/Captura-de-pantalla-2020-05-17-a-las-3.30.46-300x239.png 300w\" sizes=\"(max-width: 384px) 100vw, 384px\" \/><\/a><\/figure><\/div>\n\n\n\n<div class=\"wp-block-group is-layout-flow wp-block-group-is-layout-flow\">\n<p><strong>MASCA&#8217;2008<\/strong>. Biomonitorizaci\u00f3n de contaminantes ambientales persistentes con muestras no invasivas de rapaces y uso del bioensayo E-screen para evaluar disrupci\u00f3n endocrina inducida por mezclas de contaminantes. Financiador: MICINN (Plan Nacional I+D). IP A.J. Garc\u00eda-Fern\u00e1ndez.<\/p>\n\n\n\n<p><strong>MWEC&#8217;2008<\/strong>. Biomonitoring of persistent environmental contaminants in non-invasive samples of raptors and the use of E-Screen bioassys to assess endocrine disruption induced by mixtures of contaminants. Funding entity: MICINN (National Plan R+D+i). PI A.J. Garc\u00eda-Fern\u00e1ndez<\/p>\n<\/div>\n\n\n\n<hr class=\"wp-block-separator\"\/>\n\n\n\n<div class=\"wp-block-group is-layout-flow wp-block-group-is-layout-flow\">\n<div class=\"wp-block-group is-layout-flow wp-block-group-is-layout-flow\">\n<div class=\"wp-block-image\"><figure class=\"alignleft is-resized\"><a href=\"https:\/\/www.sertoxmur.com\/wp-content\/uploads\/2020\/05\/seneca-logo.jpg\"><img decoding=\"async\" src=\"https:\/\/www.sertoxmur.com\/wp-content\/uploads\/2020\/05\/seneca-logo.jpg\" alt=\"\" class=\"wp-image-5311\" width=\"155\" height=\"68\" srcset=\"https:\/\/www.sertoxmur.com\/wp-content\/uploads\/2020\/05\/seneca-logo.jpg 396w, https:\/\/www.sertoxmur.com\/wp-content\/uploads\/2020\/05\/seneca-logo-300x130.jpg 300w, https:\/\/www.sertoxmur.com\/wp-content\/uploads\/2020\/05\/seneca-logo-392x172.jpg 392w, https:\/\/www.sertoxmur.com\/wp-content\/uploads\/2020\/05\/seneca-logo-390x172.jpg 390w\" sizes=\"(max-width: 155px) 100vw, 155px\" \/><\/a><\/figure><\/div>\n\n\n\n<p><strong>MASCA&#8217;2009<\/strong>. Evaluaci\u00f3n in Vitro de alteraci\u00f3n reproductiva por mezclas de contaminantes ambientales monitorizadas en aves silvestres. Financiador: Fundaci\u00f3n S\u00e9neca (Agencia Regional de Ciencia y Tecnolog\u00eda de la CARM). IP A.J. Garc\u00eda-Fern\u00e1ndez.<\/p>\n\n\n\n<p><strong>MWEC&#8217;2009. <\/strong>In vitro evaluation of reproductive alteration by environmental contaminant mixtures monitored in wild birds. Funding entity: <meta charset=\"utf-8\">Fundaci\u00f3n S\u00e9neca (Agencia Regional de Ciencia y Tecnolog\u00eda de la CARM). PI A.J. Garc\u00eda-Fern\u00e1ndez.<\/p>\n<\/div>\n<\/div>\n\n\n\n<hr class=\"wp-block-separator\"\/>\n\n\n\n<div class=\"wp-block-group is-layout-flow wp-block-group-is-layout-flow\">\n<div class=\"wp-block-image\"><figure class=\"alignleft is-resized\"><a href=\"https:\/\/www.sertoxmur.com\/wp-content\/uploads\/2020\/05\/seneca-logo.jpg\"><img decoding=\"async\" src=\"https:\/\/www.sertoxmur.com\/wp-content\/uploads\/2020\/05\/seneca-logo.jpg\" alt=\"\" class=\"wp-image-5311\" width=\"151\" height=\"65\" srcset=\"https:\/\/www.sertoxmur.com\/wp-content\/uploads\/2020\/05\/seneca-logo.jpg 396w, https:\/\/www.sertoxmur.com\/wp-content\/uploads\/2020\/05\/seneca-logo-300x130.jpg 300w, https:\/\/www.sertoxmur.com\/wp-content\/uploads\/2020\/05\/seneca-logo-392x172.jpg 392w\" sizes=\"(max-width: 151px) 100vw, 151px\" \/><\/a><\/figure><\/div>\n\n\n\n<div class=\"wp-block-group is-layout-flow wp-block-group-is-layout-flow\">\n<p><strong>MASCA&#8217;2014<\/strong>. Mejora de los procesos anal\u00edticos toxicol\u00f3gicos para la lucha contra el veneno y la monitorizaci\u00f3n de contaminantes emergentes (rodenticidas anticoagulantes y f\u00e1rmacos de uso veterinario) en rapaces. Financiador: Fundaci\u00f3n S\u00e9neca (Agencia Regional de Ciencia y Tecnolog\u00eda &#8211; CARM). IP A.J. Garc\u00eda-Fern\u00e1ndez y E. Mart\u00ednez-L\u00f3pez.<\/p>\n\n\n\n<p><strong>MWEC&#8217;2014.<\/strong> Improvement of the toxicological analysis against the use of poison and monitoring of emergent contaminants (anticoagulant rodenticides and veterinary pharmaceuticals) in raptors. Funding entity: <meta charset=\"utf-8\">Fundaci\u00f3n S\u00e9neca (Agencia Regional de Ciencia y Tecnolog\u00eda &#8211; CARM). PI A.J. Garc\u00eda-Fern\u00e1ndez y Emma Mart\u00ednez-L\u00f3pez<\/p>\n<\/div>\n<\/div>\n\n\n\n<hr class=\"wp-block-separator\"\/>\n\n\n\n<div class=\"wp-block-group is-layout-flow wp-block-group-is-layout-flow\">\n<div class=\"wp-block-image\"><figure class=\"alignleft is-resized\"><a href=\"https:\/\/www.sertoxmur.com\/wp-content\/uploads\/2020\/05\/GI-Toxicologia-UM.png\"><img decoding=\"async\" src=\"https:\/\/www.sertoxmur.com\/wp-content\/uploads\/2020\/05\/GI-Toxicologia-UM.png\" alt=\"\" class=\"wp-image-5314\" width=\"150\" srcset=\"https:\/\/www.sertoxmur.com\/wp-content\/uploads\/2020\/05\/GI-Toxicologia-UM.png 1689w, https:\/\/www.sertoxmur.com\/wp-content\/uploads\/2020\/05\/GI-Toxicologia-UM-300x217.png 300w, https:\/\/www.sertoxmur.com\/wp-content\/uploads\/2020\/05\/GI-Toxicologia-UM-1024x741.png 1024w, https:\/\/www.sertoxmur.com\/wp-content\/uploads\/2020\/05\/GI-Toxicologia-UM-768x556.png 768w, https:\/\/www.sertoxmur.com\/wp-content\/uploads\/2020\/05\/GI-Toxicologia-UM-1536x1111.png 1536w\" sizes=\"(max-width: 1689px) 100vw, 1689px\" \/><\/a><\/figure><\/div>\n\n\n\n<div class=\"wp-block-group is-layout-flow wp-block-group-is-layout-flow\">\n<p><strong>MASCA&#8217;2015<\/strong>. Biomonitorizaci\u00f3n de metales pesados en cet\u00e1ceos varados en las costas de la Regi\u00f3n de Murcia. Financiador: Servicio de Toxicolog\u00eda de la Universidad de Murcia. IP Emma Mart\u00ednez-L\u00f3pez.<\/p>\n\n\n\n<p><strong>MEWC&#8217;2015.<\/strong> Biomonitoring of heavy metals in stranded cetaceans in the coasts of Murcia Region. Funding entity: Toxicology and Forensic Veterinary Service &#8211; University of Murcia. PI Emma Mart\u00ednez L\u00f3pez.<\/p>\n<\/div>\n<\/div>\n\n\n\n<hr class=\"wp-block-separator\"\/>\n\n\n\n<div class=\"wp-block-group is-layout-flow wp-block-group-is-layout-flow\">\n<div class=\"wp-block-group is-layout-flow wp-block-group-is-layout-flow\">\n<div class=\"wp-block-image\"><figure class=\"alignleft is-resized\"><a href=\"https:\/\/www.sertoxmur.com\/wp-content\/uploads\/2020\/05\/seneca-logo.jpg\"><img decoding=\"async\" src=\"https:\/\/www.sertoxmur.com\/wp-content\/uploads\/2020\/05\/seneca-logo.jpg\" alt=\"\" class=\"wp-image-5311\" width=\"155\" height=\"68\" srcset=\"https:\/\/www.sertoxmur.com\/wp-content\/uploads\/2020\/05\/seneca-logo.jpg 396w, https:\/\/www.sertoxmur.com\/wp-content\/uploads\/2020\/05\/seneca-logo-300x130.jpg 300w, https:\/\/www.sertoxmur.com\/wp-content\/uploads\/2020\/05\/seneca-logo-392x172.jpg 392w, https:\/\/www.sertoxmur.com\/wp-content\/uploads\/2020\/05\/seneca-logo-390x172.jpg 390w\" sizes=\"(max-width: 155px) 100vw, 155px\" \/><\/a><\/figure><\/div>\n\n\n\n<p><strong>MASCA&#8217;2017<\/strong>. Efectos de metales en el estatus antioxidante, metabolismo del calcio y bioqu\u00edmica en aves silvestre que habitan zonas mineras. Financiador: Fundaci\u00f3n S\u00e9neca (Agencia Regional de Ciencia y Tecnolog\u00eda de la CARM). IP Silvia Esp\u00edn Luj\u00e1n.<\/p>\n\n\n\n<p><strong>MECW&#8217;2017. <\/strong>Effects of metals on antioxidant status, calcium metabolism and biochemistry in wild birds inhabiting mining areas. Financing entity: Fundaci\u00f3n S\u00e9neca (Agencia Regional de Ciencia y Tecnolog\u00eda de la CARM). PI Silvia Esp\u00edn Luj\u00e1n.<\/p>\n<\/div>\n<\/div>\n\n\n\n<hr class=\"wp-block-separator\"\/>\n\n\n\n<div class=\"wp-block-image\"><figure class=\"alignleft is-resized\"><a href=\"https:\/\/www.sertoxmur.com\/wp-content\/uploads\/2020\/05\/seneca-logo.jpg\"><img decoding=\"async\" src=\"https:\/\/www.sertoxmur.com\/wp-content\/uploads\/2020\/05\/seneca-logo.jpg\" alt=\"\" class=\"wp-image-5311\" width=\"150\" srcset=\"https:\/\/www.sertoxmur.com\/wp-content\/uploads\/2020\/05\/seneca-logo.jpg 396w, https:\/\/www.sertoxmur.com\/wp-content\/uploads\/2020\/05\/seneca-logo-300x130.jpg 300w\" sizes=\"(max-width: 396px) 100vw, 396px\" \/><\/a><\/figure><\/div>\n\n\n\n<div class=\"wp-block-group is-layout-flow wp-block-group-is-layout-flow\">\n<div class=\"wp-block-group is-layout-flow wp-block-group-is-layout-flow\">\n<p><strong><strong>MECW&#8217;2018<\/strong><\/strong> (<a href=\"https:\/\/www.sertoxmur.com\/?page_id=4094\"><span style=\"color: #ff0000;\">ARRA-NoTaS<\/span><\/a>). New Insights in the Anticoagulant Rodenticides Risk Assessment on Non-Target Species. Funding entity: Fundaci\u00f3n S\u00e9neca (Agencia Regional de Ciencia y Tecnolog\u00eda de la CARM). IP A.J. Garc\u00eda-Fern\u00e1ndez y P. G\u00f3mez-Ram\u00edrez.<\/p>\n\n\n\n<p><meta charset=\"utf-8\"><meta charset=\"utf-8\"><strong>MASCA&#8217;2018.<\/strong> Nuevos avances en la evaluaci\u00f3n del riesgo de rodenticidas anticoagulantes en especies no diana. Financiador: <meta charset=\"utf-8\">Fundaci\u00f3n S\u00e9neca (Agencia Regional de Ciencia y Tecnolog\u00eda de la CARM). IP A.J. Garc\u00eda-Fern\u00e1ndez y P. G\u00f3mez-Ram\u00edrez.<\/p>\n<\/div>\n<\/div>\n","protected":false},"excerpt":{"rendered":"<p>Programa MASCA (Monitorizaci\u00f3n con Animales Silvestres de Contaminantes Ambientales) MECW Scheme (Monitoring of Environmental Contaminants in Wildlife) Con este acr\u00f3nimo<\/p>\n","protected":false},"author":1,"featured_media":5185,"parent":2,"menu_order":3,"comment_status":"closed","ping_status":"closed","template":"","meta":{"colormag_page_container_layout":"default_layout","colormag_page_sidebar_layout":"default_layout","footnotes":""},"class_list":["post-339","page","type-page","status-publish","has-post-thumbnail","hentry"],"_links":{"self":[{"href":"https:\/\/www.sertoxmur.com\/index.php?rest_route=\/wp\/v2\/pages\/339","targetHints":{"allow":["GET"]}}],"collection":[{"href":"https:\/\/www.sertoxmur.com\/index.php?rest_route=\/wp\/v2\/pages"}],"about":[{"href":"https:\/\/www.sertoxmur.com\/index.php?rest_route=\/wp\/v2\/types\/page"}],"author":[{"embeddable":true,"href":"https:\/\/www.sertoxmur.com\/index.php?rest_route=\/wp\/v2\/users\/1"}],"replies":[{"embeddable":true,"href":"https:\/\/www.sertoxmur.com\/index.php?rest_route=%2Fwp%2Fv2%2Fcomments&post=339"}],"version-history":[{"count":0,"href":"https:\/\/www.sertoxmur.com\/index.php?rest_route=\/wp\/v2\/pages\/339\/revisions"}],"up":[{"embeddable":true,"href":"https:\/\/www.sertoxmur.com\/index.php?rest_route=\/wp\/v2\/pages\/2"}],"wp:featuredmedia":[{"embeddable":true,"href":"https:\/\/www.sertoxmur.com\/index.php?rest_route=\/wp\/v2\/media\/5185"}],"wp:attachment":[{"href":"https:\/\/www.sertoxmur.com\/index.php?rest_route=%2Fwp%2Fv2%2Fmedia&parent=339"}],"curies":[{"name":"wp","href":"https:\/\/api.w.org\/{rel}","templated":true}]}}