{"id":4259,"date":"2019-05-05T19:56:58","date_gmt":"2019-05-05T19:56:58","guid":{"rendered":"https:\/\/www.sertoxmur.com\/?page_id=4259"},"modified":"2020-11-25T23:38:52","modified_gmt":"2020-11-25T23:38:52","slug":"dra-isabel-navas-ruiz","status":"publish","type":"page","link":"https:\/\/www.sertoxmur.com\/?page_id=4259","title":{"rendered":"Dra. Isabel Navas Ruiz."},"content":{"rendered":"\n<div class=\"wp-block-image\"><figure class=\"aligncenter\"><img decoding=\"async\" src=\"https:\/\/www.sertoxmur.com\/wp-content\/uploads\/2019\/05\/isabel-navas-2-1.jpg\" alt=\"Esta imagen tiene un atributo ALT vac\u00edo; su nombre de archivo es isabel-navas-2-1.jpg\"\/><\/figure><\/div>\n\n\n\n<p class=\"has-medium-font-size\"><strong>Profesora Asociada<\/strong> de Toxicolog\u00eda. Dra. en Veterinaria por la Universidad de Murcia. DEA en Medicina Legal y Toxicolog\u00eda. Posgrado en Protecci\u00f3n y Experimentaci\u00f3n Animal para investigadores en Ciencias Biom\u00e9dicas. Subdirectora del STVF-UM.\u00a0Miembro\u00a0de la Unidad de Toxicolog\u00eda Forense del Servicio de Ciencias y T\u00e9cnicas Forenses (SECyTeF) y del Grupo \u00abToxicolog\u00eda y Evaluaci\u00f3n de Riesgos\u00bb del IMIB (Instituto Murciano de Investigaci\u00f3n Biosanitaria).\u00a0 <a href=\"https:\/\/www.sertoxmur.com\/?page_id=253\"><strong>Publicaciones cient\u00edficas<\/strong><\/a>: art\u00edculos y cap\u00edtulos de libro. <strong>Tel. 868884317. E-mail: imnr@um.es<\/strong><br><\/p>\n","protected":false},"excerpt":{"rendered":"<p>Profesora Asociada de Toxicolog\u00eda. Dra. en Veterinaria por la Universidad de Murcia. DEA en Medicina Legal y Toxicolog\u00eda. Posgrado en<\/p>\n","protected":false},"author":1,"featured_media":0,"parent":0,"menu_order":0,"comment_status":"closed","ping_status":"closed","template":"","meta":{"colormag_page_container_layout":"default_layout","colormag_page_sidebar_layout":"default_layout","footnotes":""},"class_list":["post-4259","page","type-page","status-publish","hentry"],"_links":{"self":[{"href":"https:\/\/www.sertoxmur.com\/index.php?rest_route=\/wp\/v2\/pages\/4259","targetHints":{"allow":["GET"]}}],"collection":[{"href":"https:\/\/www.sertoxmur.com\/index.php?rest_route=\/wp\/v2\/pages"}],"about":[{"href":"https:\/\/www.sertoxmur.com\/index.php?rest_route=\/wp\/v2\/types\/page"}],"author":[{"embeddable":true,"href":"https:\/\/www.sertoxmur.com\/index.php?rest_route=\/wp\/v2\/users\/1"}],"replies":[{"embeddable":true,"href":"https:\/\/www.sertoxmur.com\/index.php?rest_route=%2Fwp%2Fv2%2Fcomments&post=4259"}],"version-history":[{"count":0,"href":"https:\/\/www.sertoxmur.com\/index.php?rest_route=\/wp\/v2\/pages\/4259\/revisions"}],"wp:attachment":[{"href":"https:\/\/www.sertoxmur.com\/index.php?rest_route=%2Fwp%2Fv2%2Fmedia&parent=4259"}],"curies":[{"name":"wp","href":"https:\/\/api.w.org\/{rel}","templated":true}]}}