{"id":5322,"date":"2020-05-17T08:42:54","date_gmt":"2020-05-17T08:42:54","guid":{"rendered":"https:\/\/www.sertoxmur.com\/?page_id=5322"},"modified":"2020-11-15T22:22:44","modified_gmt":"2020-11-15T22:22:44","slug":"stvf-training-videos","status":"publish","type":"page","link":"https:\/\/www.sertoxmur.com\/?page_id=5322","title":{"rendered":"Collection 1. Wildlife Forensic Toxicology and Biomonitoring"},"content":{"rendered":"\n<p><strong><strong>Collection 1.<\/strong><\/strong> <strong>Volume 1. <\/strong>STVF Training Video Collection for Wildlife Forensic Toxicology and Biomonitoring: Vol. 1 <a rel=\"noreferrer noopener\" href=\"https:\/\/youtu.be\/4OEgGKVQCYI\" target=\"_blank\">Procedures for collection of blood samples of raptors<\/a> (Procedimientos de extracci\u00f3n de sangre en rapaces)<\/p>\n\n\n\n<p><strong>Collection 1.<\/strong> <strong>Volume 2. <\/strong>STVF Training Video Collection for Wildlife Forensic Toxicology and Biomonitoring: Vol. 2 <a rel=\"noreferrer noopener\" href=\"https:\/\/youtu.be\/C5gM3zkRMxo\" target=\"_blank\">Obtention of plasma and serum from whole blood<\/a> (Obtenci\u00f3n de plasma y suero a partir de sangre entera).<\/p>\n\n\n\n<p><strong>Collection 1. Volume 3.<\/strong> STVF Training Video Collection for Wildlife Forensic Toxicology and Biomonitoring: Vol. 3 <a rel=\"noreferrer noopener\" href=\"https:\/\/youtu.be\/chC2JMvHC0Q\" target=\"_blank\">Measuring egg\/eggshell parameters<\/a> (Medici\u00f3n de par\u00e1metros del huevo y la c\u00e1scara).<\/p>\n\n\n\n<p><strong>Collection 1.<\/strong> <strong>Volume 4.<\/strong> STVF Training Video Collection for Wildlife Forensic Toxicology and Biomonitoring: Vol. 4 <a rel=\"noreferrer noopener\" href=\"https:\/\/youtu.be\/n-CA5JjOVBg\" target=\"_blank\">Necropsy of an Eagle owl (<em>Bubo bubo<\/em>)<\/a> (Necropsia de un b\u00faho real &#8211; <em>Bubo bubo<\/em>).<\/p>\n\n\n\n<p><strong>Collection 1.<\/strong> <strong>Volume 5.<\/strong> STVF Training Video Collection for Wildlife Forensic Toxicology and Biomonitoring: Vol. 5 <a rel=\"noreferrer noopener\" href=\"https:\/\/youtu.be\/GNYmi5A5fSk\" target=\"_blank\">How to pluck body feathers from living raptors<\/a> (C\u00f3mo coger plumas corporales de un ave rapaz viva).<\/p>\n","protected":false},"excerpt":{"rendered":"<p>Collection 1. Volume 1. STVF Training Video Collection for Wildlife Forensic Toxicology and Biomonitoring: Vol. 1 Procedures for collection of<\/p>\n","protected":false},"author":1,"featured_media":0,"parent":5359,"menu_order":1,"comment_status":"closed","ping_status":"closed","template":"","meta":{"colormag_page_container_layout":"default_layout","colormag_page_sidebar_layout":"default_layout","footnotes":""},"class_list":["post-5322","page","type-page","status-publish","hentry"],"_links":{"self":[{"href":"https:\/\/www.sertoxmur.com\/index.php?rest_route=\/wp\/v2\/pages\/5322","targetHints":{"allow":["GET"]}}],"collection":[{"href":"https:\/\/www.sertoxmur.com\/index.php?rest_route=\/wp\/v2\/pages"}],"about":[{"href":"https:\/\/www.sertoxmur.com\/index.php?rest_route=\/wp\/v2\/types\/page"}],"author":[{"embeddable":true,"href":"https:\/\/www.sertoxmur.com\/index.php?rest_route=\/wp\/v2\/users\/1"}],"replies":[{"embeddable":true,"href":"https:\/\/www.sertoxmur.com\/index.php?rest_route=%2Fwp%2Fv2%2Fcomments&post=5322"}],"version-history":[{"count":0,"href":"https:\/\/www.sertoxmur.com\/index.php?rest_route=\/wp\/v2\/pages\/5322\/revisions"}],"up":[{"embeddable":true,"href":"https:\/\/www.sertoxmur.com\/index.php?rest_route=\/wp\/v2\/pages\/5359"}],"wp:attachment":[{"href":"https:\/\/www.sertoxmur.com\/index.php?rest_route=%2Fwp%2Fv2%2Fmedia&parent=5322"}],"curies":[{"name":"wp","href":"https:\/\/api.w.org\/{rel}","templated":true}]}}