{"id":5624,"date":"2020-11-24T23:43:30","date_gmt":"2020-11-24T23:43:30","guid":{"rendered":"https:\/\/www.sertoxmur.com\/?page_id=5624"},"modified":"2021-12-25T17:00:08","modified_gmt":"2021-12-25T17:00:08","slug":"tesis-doctorales-defendidas","status":"publish","type":"page","link":"https:\/\/www.sertoxmur.com\/?page_id=5624","title":{"rendered":"Tesis Doctorales"},"content":{"rendered":"\n<div class=\"wp-block-image\"><figure class=\"aligncenter size-large\"><img fetchpriority=\"high\" decoding=\"async\" width=\"1024\" height=\"347\" src=\"https:\/\/www.sertoxmur.com\/wp-content\/uploads\/2021\/12\/Tesis-Irene-3-1024x347.png\" alt=\"\" class=\"wp-image-6114\" srcset=\"https:\/\/www.sertoxmur.com\/wp-content\/uploads\/2021\/12\/Tesis-Irene-3-1024x347.png 1024w, https:\/\/www.sertoxmur.com\/wp-content\/uploads\/2021\/12\/Tesis-Irene-3-300x102.png 300w, https:\/\/www.sertoxmur.com\/wp-content\/uploads\/2021\/12\/Tesis-Irene-3-768x260.png 768w, https:\/\/www.sertoxmur.com\/wp-content\/uploads\/2021\/12\/Tesis-Irene-3-1536x521.png 1536w, https:\/\/www.sertoxmur.com\/wp-content\/uploads\/2021\/12\/Tesis-Irene-3-2048x694.png 2048w\" sizes=\"(max-width: 1024px) 100vw, 1024px\" \/><figcaption>Acto de presentaci\u00f3n y defensa de la Tesis Doctoral de Irene Valverde Dom\u00ednguez (17-12-2021). Sobresaliente <em>cum laude<\/em><\/figcaption><\/figure><\/div>\n\n\n\n<p class=\"has-text-align-right\" style=\"font-size:24px\"><strong><span class=\"has-inline-color has-vivid-cyan-blue-color\">\u00bfTe gustar\u00eda hacer la Tesis con nosotros? <\/span><a href=\"https:\/\/www.sertoxmur.com\/?page_id=3697\"><span class=\"has-inline-color has-vivid-red-color\">PINCHA AQU\u00cd Y CONS\u00daLTANOS<\/span><\/a><\/strong><\/p>\n\n\n\n<div class=\"wp-block-group is-layout-flow wp-block-group-is-layout-flow\">\n<div class=\"wp-block-columns is-layout-flex wp-container-core-columns-is-layout-28f84493 wp-block-columns-is-layout-flex\">\n<div class=\"wp-block-column is-layout-flow wp-block-column-is-layout-flow\" style=\"flex-basis:50%\">\n<p class=\"has-medium-font-size\">Gda. <em style=\"font-weight: bold;\">Livia Spadetto (en curso).<\/em> Nuevos avances en la evaluaci\u00f3n del riesgo de los rodenticidas anticoagulantes en especies no diana. Directores: Antonio J. Garc\u00eda Fern\u00e1ndez y Pilar G\u00f3mez Ram\u00edrez. Programa de doctorado en Biodiversidad y Gesti\u00f3n Ambiental. <\/p>\n<\/div>\n\n\n\n<div class=\"wp-block-column is-layout-flow wp-block-column-is-layout-flow\" style=\"flex-basis:50%\">\n<div class=\"wp-block-image\"><figure class=\"aligncenter size-large is-resized\"><img decoding=\"async\" src=\"https:\/\/www.sertoxmur.com\/wp-content\/uploads\/2021\/12\/Livia-Spadetto-768x1024.jpg\" alt=\"\" class=\"wp-image-6155\" width=\"116\" height=\"155\" srcset=\"https:\/\/www.sertoxmur.com\/wp-content\/uploads\/2021\/12\/Livia-Spadetto-768x1024.jpg 768w, https:\/\/www.sertoxmur.com\/wp-content\/uploads\/2021\/12\/Livia-Spadetto-225x300.jpg 225w, https:\/\/www.sertoxmur.com\/wp-content\/uploads\/2021\/12\/Livia-Spadetto-1152x1536.jpg 1152w, https:\/\/www.sertoxmur.com\/wp-content\/uploads\/2021\/12\/Livia-Spadetto-1536x2048.jpg 1536w, https:\/\/www.sertoxmur.com\/wp-content\/uploads\/2021\/12\/Livia-Spadetto-scaled.jpg 1920w\" sizes=\"(max-width: 116px) 100vw, 116px\" \/><\/figure><\/div>\n<\/div>\n<\/div>\n<\/div>\n\n\n\n<div class=\"wp-block-columns is-layout-flex wp-container-core-columns-is-layout-28f84493 wp-block-columns-is-layout-flex\">\n<div class=\"wp-block-column is-layout-flow wp-block-column-is-layout-flow\" style=\"flex-basis:50%\">\n<p class=\"has-medium-font-size\">Lda. <strong><em>Mar\u00eda Yanneth Torres Chaparro (en curso). <\/em><\/strong>El gallinazo negro (<em>Coragyps atratus<\/em>) como modelo de biomonitorizaci\u00f3n de contaminaci\u00f3n ambiental y antibi\u00f3ticos en Santander, Colombia. Directores: Antonio J. Garc\u00eda Fern\u00e1ndez, Pilar G\u00f3mez Ram\u00edrez y Jaime Fernando Gonz\u00e1lez Mantilla. Programa de doctorado en Ciencias Veterinarias.<\/p>\n<\/div>\n\n\n\n<div class=\"wp-block-column is-layout-flow wp-block-column-is-layout-flow\" style=\"flex-basis:50%\">\n<div class=\"wp-block-image\"><figure class=\"aligncenter size-large is-resized\"><img decoding=\"async\" src=\"https:\/\/www.sertoxmur.com\/wp-content\/uploads\/2019\/07\/Maria-Y-Torres-825x1024.png\" alt=\"\" class=\"wp-image-4493\" width=\"154\" height=\"190\" srcset=\"https:\/\/www.sertoxmur.com\/wp-content\/uploads\/2019\/07\/Maria-Y-Torres-825x1024.png 825w, https:\/\/www.sertoxmur.com\/wp-content\/uploads\/2019\/07\/Maria-Y-Torres-242x300.png 242w, https:\/\/www.sertoxmur.com\/wp-content\/uploads\/2019\/07\/Maria-Y-Torres-768x954.png 768w\" sizes=\"(max-width: 154px) 100vw, 154px\" \/><\/figure><\/div>\n<\/div>\n<\/div>\n\n\n\n<div class=\"wp-block-columns is-layout-flex wp-container-core-columns-is-layout-28f84493 wp-block-columns-is-layout-flex\">\n<div class=\"wp-block-column is-layout-flow wp-block-column-is-layout-flow\" style=\"flex-basis:50%\">\n<div class=\"wp-block-cover aligncenter has-background-dim\" style=\"min-height:383px;aspect-ratio:unset;\"><img loading=\"lazy\" decoding=\"async\" width=\"1934\" height=\"1432\" class=\"wp-block-cover__image-background wp-image-5962\" alt=\"\" src=\"https:\/\/www.sertoxmur.com\/wp-content\/uploads\/2021\/09\/PARA-LA-WEB-TESIS-IRENE.jpg\" data-object-fit=\"cover\" srcset=\"https:\/\/www.sertoxmur.com\/wp-content\/uploads\/2021\/09\/PARA-LA-WEB-TESIS-IRENE.jpg 1934w, https:\/\/www.sertoxmur.com\/wp-content\/uploads\/2021\/09\/PARA-LA-WEB-TESIS-IRENE-300x222.jpg 300w, https:\/\/www.sertoxmur.com\/wp-content\/uploads\/2021\/09\/PARA-LA-WEB-TESIS-IRENE-1024x758.jpg 1024w, https:\/\/www.sertoxmur.com\/wp-content\/uploads\/2021\/09\/PARA-LA-WEB-TESIS-IRENE-768x569.jpg 768w, https:\/\/www.sertoxmur.com\/wp-content\/uploads\/2021\/09\/PARA-LA-WEB-TESIS-IRENE-1536x1137.jpg 1536w\" sizes=\"(max-width: 1934px) 100vw, 1934px\" \/><div class=\"wp-block-cover__inner-container is-layout-flow wp-block-cover-is-layout-flow\">\n<p class=\"has-text-align-left has-large-font-size\"><meta charset=\"utf-8\"><strong><span class=\"has-inline-color has-luminous-vivid-amber-color\">Dra. Irene Valverde Dom\u00ednguez 2021<\/span><\/strong><\/p>\n<\/div><\/div>\n<\/div>\n\n\n\n<div class=\"wp-block-column is-layout-flow wp-block-column-is-layout-flow\" style=\"flex-basis:50%\">\n<p class=\"has-medium-font-size\"><strong><span class=\"has-inline-color has-vivid-red-color\">T\u00edtulo: <\/span><\/strong>Optimizaci\u00f3n de herramientas toxicol\u00f3gicas y forenses en la lucha contra el veneno en el medio natural. <\/p>\n\n\n\n<p class=\"has-medium-font-size\"><span class=\"has-inline-color has-vivid-red-color\"><strong>Directores: <\/strong><\/span><em>Antonio J. Garc\u00eda Fern\u00e1ndez y Silvia Esp\u00edn Luj\u00e1n<\/em>. <\/p>\n\n\n\n<p class=\"has-medium-font-size\"><strong><span class=\"has-inline-color has-vivid-red-color\">Fecha de defensa:<\/span><\/strong> 17\/12\/2021. <\/p>\n\n\n\n<p class=\"has-medium-font-size\"><strong><span class=\"has-inline-color has-vivid-red-color\">Calificaci\u00f3n:<\/span><\/strong> <strong>Sobresaliente <em>Cum laude<\/em>. Menci\u00f3n de Doctorado Internacional.\u00a0<\/strong><\/p>\n<\/div>\n<\/div>\n\n\n\n<div class=\"wp-block-columns is-layout-flex wp-container-core-columns-is-layout-28f84493 wp-block-columns-is-layout-flex\">\n<div class=\"wp-block-column is-layout-flow wp-block-column-is-layout-flow\" style=\"flex-basis:50%\">\n<div class=\"wp-block-image\"><figure class=\"aligncenter is-resized\"><img loading=\"lazy\" decoding=\"async\" src=\"https:\/\/www.sertoxmur.com\/wp-content\/uploads\/2021\/01\/foto-alessandro.jpg\" alt=\"\" class=\"wp-image-5737\" width=\"173\" height=\"203\" srcset=\"https:\/\/www.sertoxmur.com\/wp-content\/uploads\/2021\/01\/foto-alessandro.jpg 634w, https:\/\/www.sertoxmur.com\/wp-content\/uploads\/2021\/01\/foto-alessandro-257x300.jpg 257w\" sizes=\"(max-width: 173px) 100vw, 173px\" \/><\/figure><\/div>\n<\/div>\n\n\n\n<div class=\"wp-block-column is-vertically-aligned-top is-layout-flow wp-block-column-is-layout-flow\" style=\"flex-basis:50%\">\n<p class=\"has-medium-font-size\"><strong><span class=\"has-inline-color has-vivid-red-color\">Dr. Alessandro Di Marzio 2021.<\/span><\/strong> Evaluaci\u00f3n de la exposici\u00f3n a contaminantes ambientales en aves carro\u00f1eras de la Patagonia Argentina mediante el uso de muestras de obtenci\u00f3n no cruentas. Directores: <em>Emma Mart\u00ednez L\u00f3pez y Antonio J. Garc\u00eda Fern\u00e1ndez<\/em>. Fecha de defensa: 28\/04\/2021. <meta charset=\"utf-8\">Calificaci\u00f3n: <strong>Sobresaliente <em>Cum laude<\/em>. Menci\u00f3n de Doctorado Internacional.\u00a0<\/strong><\/p>\n<\/div>\n<\/div>\n\n\n\n<div class=\"wp-block-columns is-layout-flex wp-container-core-columns-is-layout-28f84493 wp-block-columns-is-layout-flex\">\n<div class=\"wp-block-column is-layout-flow wp-block-column-is-layout-flow\" style=\"flex-basis:50%\">\n<div class=\"wp-block-image\"><figure class=\"aligncenter\"><img loading=\"lazy\" decoding=\"async\" width=\"136\" height=\"187\" src=\"https:\/\/www.sertoxmur.com\/wp-content\/uploads\/2019\/05\/Foto-Pablo-Sanchez-1.jpeg\" alt=\"\" class=\"wp-image-4212\"\/><\/figure><\/div>\n<\/div>\n\n\n\n<div class=\"wp-block-column is-layout-flow wp-block-column-is-layout-flow\" style=\"flex-basis:50%\">\n<p class=\"has-medium-font-size\"><strong><span class=\"has-inline-color has-vivid-red-color\">Dr. Pablo S\u00e1nchez Virosta 2019.<\/span><\/strong> Effects of arsenic on growth and physiology of passerines and the protective role of calcium. Directores: <em>Tapio Eeva y Antonio J. Garc\u00eda Fern\u00e1ndez<\/em>. Fecha de defensa: 27\/5\/2019. <meta charset=\"utf-8\">Calificaci\u00f3n: <strong>Sobresaliente <em>Cum laude<\/em>. Tesis Internacional.\u00a0<\/strong><\/p>\n<\/div>\n<\/div>\n\n\n\n<div class=\"wp-block-columns is-layout-flex wp-container-core-columns-is-layout-28f84493 wp-block-columns-is-layout-flex\">\n<div class=\"wp-block-column is-layout-flow wp-block-column-is-layout-flow\" style=\"flex-basis:50%\">\n<div class=\"wp-block-image\"><figure class=\"aligncenter is-resized\"><img loading=\"lazy\" decoding=\"async\" src=\"https:\/\/www.sertoxmur.com\/wp-content\/uploads\/2012\/03\/MPAZ.jpg\" alt=\"\" class=\"wp-image-838\" width=\"170\" height=\"188\"\/><\/figure><\/div>\n<\/div>\n\n\n\n<div class=\"wp-block-column is-layout-flow wp-block-column-is-layout-flow\" style=\"flex-basis:50%\">\n<p class=\"has-medium-font-size\"><strong><span class=\"has-inline-color has-vivid-red-color\">Dra. Mari Paz Aldeguer Aldeguer 2018. <\/span><\/strong>Evaluaci\u00f3n <em>in vitro<\/em> de la inducci\u00f3n proliferativa de organoclorados y de sus mezclas, mediante la aplicaci\u00f3n del ensayo <em>E-screen<\/em>. Directores: <em>Antonio J. Garc\u00eda Fern\u00e1ndez y Emma Mart\u00ednez L\u00f3pez<\/em>. Fecha de defensa: 18\/7\/2018. <meta charset=\"utf-8\">Calificaci\u00f3n: <strong>Sobresaliente <em>Cum laude<\/em>.\u00a0<\/strong><\/p>\n<\/div>\n<\/div>\n\n\n\n<div class=\"wp-block-columns is-layout-flex wp-container-core-columns-is-layout-28f84493 wp-block-columns-is-layout-flex\">\n<div class=\"wp-block-column is-layout-flow wp-block-column-is-layout-flow\" style=\"flex-basis:50%\">\n<div class=\"wp-block-image\"><figure class=\"aligncenter is-resized\"><img decoding=\"async\" src=\"https:\/\/www.sertoxmur.com\/wp-content\/uploads\/2012\/03\/pjim.jpg\" alt=\"\" class=\"wp-image-636\" width=\"180\" srcset=\"https:\/\/www.sertoxmur.com\/wp-content\/uploads\/2012\/03\/pjim.jpg 306w, https:\/\/www.sertoxmur.com\/wp-content\/uploads\/2012\/03\/pjim-259x300.jpg 259w\" sizes=\"(max-width: 306px) 100vw, 306px\" \/><\/figure><\/div>\n<\/div>\n\n\n\n<div class=\"wp-block-column is-layout-flow wp-block-column-is-layout-flow\" style=\"flex-basis:50%\">\n<p class=\"has-medium-font-size\"><strong><span class=\"has-inline-color has-vivid-red-color\">Dr. Pedro J. Jim\u00e9nez Montalb\u00e1n 2017. <\/span><\/strong>Contaminantes ambientales persistentes y su influencia sobre el \u00e9xito reproductor en una colonia de Gaviota de Audouin (<em>Ichthyaetus audouinii<\/em>) en el Mediterr\u00e1neo Occidental. Directores: <em>Antonio J. Garc\u00eda Fern\u00e1ndez y Pilar G\u00f3mez Ram\u00edrez<\/em>. Fecha de defensa: 20\/12\/2017. <meta charset=\"utf-8\">Calificaci\u00f3n: <strong>Sobresaliente <em>Cum laude<\/em>. \u00a0<\/strong><\/p>\n<\/div>\n<\/div>\n\n\n\n<div class=\"wp-block-columns is-layout-flex wp-container-core-columns-is-layout-28f84493 wp-block-columns-is-layout-flex\">\n<div class=\"wp-block-column is-layout-flow wp-block-column-is-layout-flow\" style=\"flex-basis:50%\">\n<div class=\"wp-block-image\"><figure class=\"aligncenter is-resized\"><img decoding=\"async\" src=\"https:\/\/www.sertoxmur.com\/wp-content\/uploads\/2019\/05\/isabel-navas-2-1.jpg\" alt=\"\" class=\"wp-image-4213\" width=\"180\" srcset=\"https:\/\/www.sertoxmur.com\/wp-content\/uploads\/2019\/05\/isabel-navas-2-1.jpg 287w, https:\/\/www.sertoxmur.com\/wp-content\/uploads\/2019\/05\/isabel-navas-2-1-267x300.jpg 267w\" sizes=\"(max-width: 287px) 100vw, 287px\" \/><\/figure><\/div>\n<\/div>\n\n\n\n<div class=\"wp-block-column is-layout-flow wp-block-column-is-layout-flow\" style=\"flex-basis:50%\">\n<p class=\"has-medium-font-size\"><strong><span class=\"has-inline-color has-vivid-red-color\">Dra. Isabel Mar\u00eda Navas Ru\u00edz 2017.<\/span> <\/strong>Contaminantes ambientales persistentes (metales pesados y plaguicidas organoclorados) en aves rapaces del Sur de Espa\u00f1a. Directores: <em>Pedro Mar\u00eda Mojica y Emma Mart\u00ednez L\u00f3pez<\/em>. Fecha de defensa: 18\/12\/2017. <meta charset=\"utf-8\">Calificaci\u00f3n: <strong>Sobresaliente <em>Cum laude<\/em>.<\/strong><\/p>\n<\/div>\n<\/div>\n\n\n\n<div class=\"wp-block-columns is-layout-flex wp-container-core-columns-is-layout-28f84493 wp-block-columns-is-layout-flex\">\n<div class=\"wp-block-column is-layout-flow wp-block-column-is-layout-flow\" style=\"flex-basis:50%\">\n<div class=\"wp-block-image\"><figure class=\"aligncenter is-resized\"><img loading=\"lazy\" decoding=\"async\" src=\"https:\/\/www.sertoxmur.com\/wp-content\/uploads\/2012\/02\/Silvia-Espin-buhos.jpg\" alt=\"\" class=\"wp-image-472\" width=\"179\" height=\"238\" srcset=\"https:\/\/www.sertoxmur.com\/wp-content\/uploads\/2012\/02\/Silvia-Espin-buhos.jpg 2112w, https:\/\/www.sertoxmur.com\/wp-content\/uploads\/2012\/02\/Silvia-Espin-buhos-225x300.jpg 225w, https:\/\/www.sertoxmur.com\/wp-content\/uploads\/2012\/02\/Silvia-Espin-buhos-768x1024.jpg 768w\" sizes=\"(max-width: 179px) 100vw, 179px\" \/><\/figure><\/div>\n<\/div>\n\n\n\n<div class=\"wp-block-column is-layout-flow wp-block-column-is-layout-flow\" style=\"flex-basis:50%\">\n<p class=\"has-medium-font-size\"><span class=\"has-inline-color has-vivid-red-color\"><strong>Dra. Silvia Esp\u00edn Luj\u00e1n<\/strong> <strong>2013<\/strong>.<\/span> Biomonitorizaci\u00f3n de contaminantes ambientales persistentes y evaluaci\u00f3n de efectos subletales en aves silvestres: uso de plumas y biomarcadores de estr\u00e9s oxidativo. <em>Directores: Antonio J. Garc\u00eda-Fern\u00e1ndez y E. Mart\u00ednez-L\u00f3pez<\/em>. Fecha de defensa: 10\/5\/2013. <meta charset=\"utf-8\">Calificaci\u00f3n: <strong>Sobresaliente <em>Cum laude<\/em>. Menci\u00f3n de Doctorado Internacional.\u00a0PREMIO EXTRAORDINARIO DE DOCTORADO.<\/strong><\/p>\n<\/div>\n<\/div>\n\n\n\n<div class=\"wp-block-columns is-layout-flex wp-container-core-columns-is-layout-28f84493 wp-block-columns-is-layout-flex\">\n<div class=\"wp-block-column is-layout-flow wp-block-column-is-layout-flow\" style=\"flex-basis:50%\">\n<div class=\"wp-block-image\"><figure class=\"aligncenter is-resized\"><img loading=\"lazy\" decoding=\"async\" src=\"https:\/\/www.sertoxmur.com\/wp-content\/uploads\/2012\/03\/PILARBUHO1.jpg\" alt=\"\" class=\"wp-image-639\" width=\"194\" height=\"145\" srcset=\"https:\/\/www.sertoxmur.com\/wp-content\/uploads\/2012\/03\/PILARBUHO1.jpg 2048w, https:\/\/www.sertoxmur.com\/wp-content\/uploads\/2012\/03\/PILARBUHO1-300x225.jpg 300w, https:\/\/www.sertoxmur.com\/wp-content\/uploads\/2012\/03\/PILARBUHO1-1024x768.jpg 1024w\" sizes=\"(max-width: 194px) 100vw, 194px\" \/><\/figure><\/div>\n<\/div>\n\n\n\n<div class=\"wp-block-column is-layout-flow wp-block-column-is-layout-flow\" style=\"flex-basis:50%\">\n<p class=\"has-medium-font-size\"><strong><span class=\"has-inline-color has-vivid-red-color\">Dra. Pilar G\u00f3mez-Ram\u00edrez 2011.<\/span><\/strong><em><span class=\"has-inline-color has-vivid-red-color\"> <\/span>El B\u00faho real (Bubo bubo) como especie biomonitora de contaminantes ambientales persistentes en el sureste de Espa\u00f1a.<\/em> <em>Directores: Antonio J. Garc\u00eda-Fern\u00e1ndez y E. Mart\u00ednez-L\u00f3pez<\/em>. Fecha de defensa: 15\/7\/2011. <meta charset=\"utf-8\">Calificaci\u00f3n: <strong>Sobresaliente <em>Cum laude<\/em>. Menci\u00f3n de Doctorado Internacional.\u00a0PREMIO EXTRAORDINARIO DE DOCTORADO.<\/strong><\/p>\n<\/div>\n<\/div>\n\n\n\n<div class=\"wp-block-columns is-layout-flex wp-container-core-columns-is-layout-28f84493 wp-block-columns-is-layout-flex\">\n<div class=\"wp-block-column is-layout-flow wp-block-column-is-layout-flow\" style=\"flex-basis:50%\">\n<div class=\"wp-block-image\"><figure class=\"aligncenter\"><img loading=\"lazy\" decoding=\"async\" width=\"209\" height=\"217\" src=\"https:\/\/www.sertoxmur.com\/wp-content\/uploads\/2012\/03\/alex1.jpg\" alt=\"\" class=\"wp-image-635\"\/><\/figure><\/div>\n\n\n\n<p><\/p>\n<\/div>\n\n\n\n<div class=\"wp-block-column is-layout-flow wp-block-column-is-layout-flow\" style=\"flex-basis:50%\">\n<p class=\"has-medium-font-size\"><strong><span class=\"has-inline-color has-vivid-red-color\">Dr. Alejandro Hern\u00e1ndez Garc\u00eda 2010. <\/span><\/strong>Evaluaci\u00f3n <em>in vitro <\/em>de los efectos producidos por el plomo, el cadmio y su mezcla binaria en eritrocitos de tres especies de aves silvestres. Directores: <em>Antonio J. Garc\u00eda-Fern\u00e1ndez y Diego Romero<\/em>. Fecha de defensa: 16\/12\/2010. <meta charset=\"utf-8\">Calificaci\u00f3n: <strong>Sobresaliente <em>Cum laude<\/em>. Menci\u00f3n de Doctorado Europeo.\u00a0<\/strong><\/p>\n<\/div>\n<\/div>\n\n\n\n<div class=\"wp-block-columns is-layout-flex wp-container-core-columns-is-layout-28f84493 wp-block-columns-is-layout-flex\">\n<div class=\"wp-block-column is-layout-flow wp-block-column-is-layout-flow\" style=\"flex-basis:50%\">\n<div class=\"wp-block-image\"><figure class=\"aligncenter is-resized\"><img loading=\"lazy\" decoding=\"async\" src=\"https:\/\/www.sertoxmur.com\/wp-content\/uploads\/2012\/02\/IMG_7997.jpg\" alt=\"\" class=\"wp-image-460\" width=\"260\" height=\"173\" srcset=\"https:\/\/www.sertoxmur.com\/wp-content\/uploads\/2012\/02\/IMG_7997.jpg 3888w, https:\/\/www.sertoxmur.com\/wp-content\/uploads\/2012\/02\/IMG_7997-300x200.jpg 300w, https:\/\/www.sertoxmur.com\/wp-content\/uploads\/2012\/02\/IMG_7997-1024x682.jpg 1024w\" sizes=\"(max-width: 260px) 100vw, 260px\" \/><\/figure><\/div>\n\n\n\n<p><\/p>\n<\/div>\n\n\n\n<div class=\"wp-block-column is-layout-flow wp-block-column-is-layout-flow\" style=\"flex-basis:50%\">\n<p class=\"has-medium-font-size\"><strong><span class=\"has-inline-color has-vivid-red-color\">Dra. Emma Mart\u00ednez L\u00f3pez 2005.<\/span> <\/strong>Evaluaci\u00f3n de la exposici\u00f3n a contaminantes ambientales persistentes (cadmio, plomo y compuestos organoclorados) en rapaces forestales y uso de sangre para evaluar sus efectos. Directores: <em>Antonio J. Garc\u00eda-Fern\u00e1ndez y Diego Romero<\/em>. Fecha de defensa: 24\/10\/2005. <meta charset=\"utf-8\">Calificaci\u00f3n: <strong>Sobresaliente <em>Cum laude<\/em>. Menci\u00f3n de Doctorado Europeo.\u00a0<\/strong><\/p>\n<\/div>\n<\/div>\n\n\n\n<div class=\"wp-block-columns is-layout-flex wp-container-core-columns-is-layout-28f84493 wp-block-columns-is-layout-flex\">\n<div class=\"wp-block-column is-layout-flow wp-block-column-is-layout-flow\" style=\"flex-basis:50%\">\n<div class=\"wp-block-image\"><figure class=\"aligncenter\"><img loading=\"lazy\" decoding=\"async\" width=\"256\" height=\"227\" src=\"https:\/\/www.sertoxmur.com\/wp-content\/uploads\/2012\/03\/PEPE.jpg\" alt=\"\" class=\"wp-image-879\"\/><\/figure><\/div>\n<\/div>\n\n\n\n<div class=\"wp-block-column is-layout-flow wp-block-column-is-layout-flow\" style=\"flex-basis:50%\">\n<p class=\"has-medium-font-size\"><strong><span class=\"has-inline-color has-vivid-red-color\">Dr. Jos\u00e9 Pe\u00f1alver Garc\u00eda 2004.<\/span><\/strong> Uso de cad\u00e1veres de aves acu\u00e1ticas en la monitorizaci\u00f3n de la exposici\u00f3n a plomo en el Parque Natural \u201cEl Hondo\u201d: Aspectos en salud animal y salud p\u00fablica. Directores: <em>Antonio J. Garc\u00eda-Fern\u00e1ndez y Diego Romero<\/em>. Fecha de defensa: 13\/10\/2004. <meta charset=\"utf-8\">Calificaci\u00f3n: <strong>Sobresaliente <em>Cum laude<\/em>. <\/strong><\/p>\n<\/div>\n<\/div>\n\n\n\n<p class=\"has-medium-font-size\"><strong><span class=\"has-inline-color has-vivid-red-color\">Dr. Miguel Motas Guzm\u00e1n 1999. <\/span><\/strong>Estudio experimental, cl\u00ednico, cin\u00e9tico y estructural de la exposici\u00f3n subcr\u00f3nica a cadmio y plomo. Directores: <em>Antonio J. Garc\u00eda-Fern\u00e1ndez y Maximiliano G\u00f3mez-Zapata<\/em>. Fecha de defensa: 20\/12\/1999. <meta charset=\"utf-8\">Calificaci\u00f3n: <strong>Sobresaliente <em>Cum laude<\/em>. <\/strong><\/p>\n\n\n\n<div class=\"wp-block-columns is-layout-flex wp-container-core-columns-is-layout-28f84493 wp-block-columns-is-layout-flex\">\n<div class=\"wp-block-column is-layout-flow wp-block-column-is-layout-flow\" style=\"flex-basis:50%\">\n<div class=\"wp-block-image\"><figure class=\"aligncenter is-resized\"><img loading=\"lazy\" decoding=\"async\" src=\"https:\/\/www.sertoxmur.com\/wp-content\/uploads\/2012\/02\/DIEGO22.jpg\" alt=\"\" class=\"wp-image-753\" width=\"149\" height=\"133\" srcset=\"https:\/\/www.sertoxmur.com\/wp-content\/uploads\/2012\/02\/DIEGO22.jpg 320w, https:\/\/www.sertoxmur.com\/wp-content\/uploads\/2012\/02\/DIEGO22-300x268.jpg 300w\" sizes=\"(max-width: 149px) 100vw, 149px\" \/><\/figure><\/div>\n<\/div>\n\n\n\n<div class=\"wp-block-column is-layout-flow wp-block-column-is-layout-flow\" style=\"flex-basis:50%\">\n<p class=\"has-medium-font-size\"><strong><span class=\"has-inline-color has-vivid-red-color\">Dr. Diego Romero Garc\u00eda 1998. <\/span><\/strong>Evaluaci\u00f3n de la toxicidad y de los efectos t\u00f3xicos de la exposici\u00f3n subletal a metales pesados sobre l\u00edneas celulares de origen renal. Directores: <em>Antonio J. Garc\u00eda-Fern\u00e1ndez y Maximiliano G\u00f3mez-Zapata<\/em>. Fecha de defensa: 5\/10\/1998. <meta charset=\"utf-8\">Calificaci\u00f3n: <strong>Sobresaliente <em>Cum laude<\/em>. <\/strong><\/p>\n<\/div>\n<\/div>\n\n\n\n<div class=\"wp-block-columns is-layout-flex wp-container-core-columns-is-layout-28f84493 wp-block-columns-is-layout-flex\">\n<div class=\"wp-block-column is-layout-flow wp-block-column-is-layout-flow\" style=\"flex-basis:50%\">\n<div class=\"wp-block-image\"><figure class=\"aligncenter is-resized\"><img loading=\"lazy\" decoding=\"async\" src=\"https:\/\/www.sertoxmur.com\/wp-content\/uploads\/2012\/02\/pedrom.jpg\" alt=\"\" class=\"wp-image-505\" width=\"158\" height=\"168\" srcset=\"https:\/\/www.sertoxmur.com\/wp-content\/uploads\/2012\/02\/pedrom.jpg 340w, https:\/\/www.sertoxmur.com\/wp-content\/uploads\/2012\/02\/pedrom-280x300.jpg 280w\" sizes=\"(max-width: 158px) 100vw, 158px\" \/><\/figure><\/div>\n<\/div>\n\n\n\n<div class=\"wp-block-column is-layout-flow wp-block-column-is-layout-flow\" style=\"flex-basis:50%\">\n<p class=\"has-medium-font-size\"><span class=\"has-inline-color has-vivid-red-color\"><strong>Dr. Pedro Mar\u00eda Mojica 1998. <\/strong><\/span>Biomonitorizaci\u00f3n de la exposici\u00f3n a insecticidas organoclorados de aves rapaces de la Regi\u00f3n de Murcia. Director: <em>Antonio J. Garc\u00eda-Fern\u00e1ndez.<\/em> Fecha de defensa: 5\/10\/1998. <meta charset=\"utf-8\">Calificaci\u00f3n: <strong>Sobresaliente <em>Cum laude<\/em>. <\/strong><\/p>\n<\/div>\n<\/div>\n\n\n\n<p class=\"has-medium-font-size\"><strong><span class=\"has-inline-color has-vivid-red-color\">Dr. Manuel Serrano Gil 1995. <\/span><\/strong>Exposici\u00f3n ambiental al plomo en poblaci\u00f3n sana de Cartagena y correlaci\u00f3n con la peroxidaci\u00f3n lip\u00eddica y los par\u00e1metros hematol\u00f3gicos: envejecimiento arterial, tensi\u00f3n arterial y radicales libres. <em>Directores: A. Luna y Antonio J. Garc\u00eda-Fern\u00e1ndez<\/em>. Fecha de defensa: 20\/3\/1995. <meta charset=\"utf-8\">Calificaci\u00f3n: <strong>Sobresaliente <em>Cum laude<\/em>. <\/strong><\/p>\n\n\n\n<div class=\"wp-block-columns is-layout-flex wp-container-core-columns-is-layout-28f84493 wp-block-columns-is-layout-flex\">\n<div class=\"wp-block-column is-layout-flow wp-block-column-is-layout-flow\" style=\"flex-basis:50%\">\n<div class=\"wp-block-image\"><figure class=\"aligncenter is-resized\"><img decoding=\"async\" src=\"https:\/\/www.sertoxmur.com\/wp-content\/uploads\/2012\/03\/Cabo-Ti%C3%B1oso-10A.jpg\" alt=\"\" class=\"wp-image-702\" width=\"200\"\/><\/figure><\/div>\n<\/div>\n\n\n\n<div class=\"wp-block-column is-layout-flow wp-block-column-is-layout-flow\" style=\"flex-basis:50%\">\n<p class=\"has-medium-font-size\"><strong><span class=\"has-inline-color has-vivid-cyan-blue-color\">Dr. Antonio Juan Garc\u00eda Fern\u00e1ndez 1994<\/span>.<\/strong><em><strong> <\/strong><\/em>Impregnaci\u00f3n de plomo y cadmio en aves silvestres de la Regi\u00f3n de Murcia. <em>Directores: J.A. S\u00e1nchez Garc\u00eda y A. Luna<\/em>. Fecha de defensa: 20\/10\/1994. <meta charset=\"utf-8\">Calificaci\u00f3n: <strong>Sobresaliente <em>Cum laude<\/em>. <\/strong><\/p>\n<\/div>\n<\/div>\n","protected":false},"excerpt":{"rendered":"<p>\u00bfTe gustar\u00eda hacer la Tesis con nosotros? PINCHA AQU\u00cd Y CONS\u00daLTANOS Gda. Livia Spadetto (en curso). Nuevos avances en la<\/p>\n","protected":false},"author":1,"featured_media":0,"parent":0,"menu_order":1,"comment_status":"closed","ping_status":"closed","template":"","meta":{"colormag_page_container_layout":"default_layout","colormag_page_sidebar_layout":"default_layout","footnotes":""},"class_list":["post-5624","page","type-page","status-publish","hentry"],"_links":{"self":[{"href":"https:\/\/www.sertoxmur.com\/index.php?rest_route=\/wp\/v2\/pages\/5624","targetHints":{"allow":["GET"]}}],"collection":[{"href":"https:\/\/www.sertoxmur.com\/index.php?rest_route=\/wp\/v2\/pages"}],"about":[{"href":"https:\/\/www.sertoxmur.com\/index.php?rest_route=\/wp\/v2\/types\/page"}],"author":[{"embeddable":true,"href":"https:\/\/www.sertoxmur.com\/index.php?rest_route=\/wp\/v2\/users\/1"}],"replies":[{"embeddable":true,"href":"https:\/\/www.sertoxmur.com\/index.php?rest_route=%2Fwp%2Fv2%2Fcomments&post=5624"}],"version-history":[{"count":0,"href":"https:\/\/www.sertoxmur.com\/index.php?rest_route=\/wp\/v2\/pages\/5624\/revisions"}],"wp:attachment":[{"href":"https:\/\/www.sertoxmur.com\/index.php?rest_route=%2Fwp%2Fv2%2Fmedia&parent=5624"}],"curies":[{"name":"wp","href":"https:\/\/api.w.org\/{rel}","templated":true}]}}