{"id":6239,"date":"2021-12-26T01:39:04","date_gmt":"2021-12-26T01:39:04","guid":{"rendered":"https:\/\/www.sertoxmur.com\/?page_id=6239"},"modified":"2023-12-06T00:36:15","modified_gmt":"2023-12-06T00:36:15","slug":"bienvenidos-a-sertox-mur","status":"publish","type":"page","link":"https:\/\/www.sertoxmur.com\/?page_id=6239","title":{"rendered":"Bienvenidos a SerTox-Mur"},"content":{"rendered":"\t\t<div data-elementor-type=\"wp-page\" data-elementor-id=\"6239\" class=\"elementor elementor-6239\" data-elementor-post-type=\"page\">\n\t\t\t\t\t\t<section class=\"elementor-section elementor-top-section elementor-element elementor-element-7fd12045 elementor-section-boxed elementor-section-height-default elementor-section-height-default\" data-id=\"7fd12045\" data-element_type=\"section\" data-e-type=\"section\">\n\t\t\t\t\t\t<div class=\"elementor-container elementor-column-gap-default\">\n\t\t\t\t\t<div class=\"elementor-column elementor-col-100 elementor-top-column elementor-element elementor-element-400cefe9\" data-id=\"400cefe9\" data-element_type=\"column\" data-e-type=\"column\">\n\t\t\t<div class=\"elementor-widget-wrap elementor-element-populated\">\n\t\t\t\t\t\t<div class=\"elementor-element elementor-element-4c07f707 elementor-widget elementor-widget-text-editor\" data-id=\"4c07f707\" data-element_type=\"widget\" data-e-type=\"widget\" data-widget_type=\"text-editor.default\">\n\t\t\t\t<div class=\"elementor-widget-container\">\n\t\t\t\t\t\t\t\t\t<p><\/p>\n<p><a href=\"https:\/\/www.sertoxmur.com\/?p=6223\"><time datetime=\"2021-12-26T01:18:59+00:00\">26 diciembre, 2021<\/time><\/a><a href=\"https:\/\/www.sertoxmur.com\/?author=1\"> admin<\/a><\/p>\n<p><\/p>\n<p><\/p>\n<p style=\"font-size: 28px;\"><a href=\"https:\/\/www.sertoxmur.com\/?p=5558\">Welcome to SerTox-Mur!<\/a> (<a href=\"https:\/\/youtu.be\/vTemabVLoPc\">v\u00eddeo<\/a> promocional)<\/p>\n<p><\/p>\n<p><\/p>\n<div class=\"wp-block-columns is-layout-flex wp-container-core-columns-is-layout-28f84493 wp-block-columns-is-layout-flex\">\n<p><\/p>\n<div class=\"wp-block-column is-layout-flow wp-block-column-is-layout-flow\" style=\"flex-basis: 100%;\">\n<p><\/p>\n<div class=\"wp-block-group is-layout-flow wp-block-group-is-layout-flow\">\n<p><\/p>\n<div class=\"wp-block-columns is-layout-flex wp-container-core-columns-is-layout-28f84493 wp-block-columns-is-layout-flex\">\n<p><\/p>\n<div class=\"wp-block-column is-layout-flow wp-block-column-is-layout-flow\" style=\"flex-basis: 50%;\">\n<p><\/p>\n<div class=\"wp-block-image\">\n<figure class=\"aligncenter size-full is-resized\"><img fetchpriority=\"high\" decoding=\"async\" class=\"wp-image-5609\" src=\"https:\/\/www.sertoxmur.com\/wp-content\/uploads\/2020\/11\/image.png\" alt=\"\" width=\"518\" height=\"596\" \/><\/figure>\n<\/div>\n<p><\/p>\n<\/div>\n<p><\/p>\n<p><\/p>\n<div class=\"wp-block-column is-layout-flow wp-block-column-is-layout-flow\" style=\"flex-basis: 50%;\">\n<p><\/p>\n<p style=\"font-size: 18px;\">En 1992 empec\u00e9 mi carrera docente e investigadora en Toxicolog\u00eda en la <a href=\"http:\/\/www.um.es\">Universidad de Murcia<\/a>, en una \u00e9poca en la que los laboratorios especializados escaseaban. Casi obligado por las circunstancias, comenc\u00e9 (con el apoyo de mis amigos Jos\u00e9 A. S\u00e1nchez, Isabel Navas y Pedro Mar\u00eda) a desarrollar la idea de <strong>Sertoxmur<\/strong>. En febrero de 1997, la Junta de Gobierno de la UM aprob\u00f3 la primera lista de precios p\u00fablicos oficiales.<\/p>\n<p><\/p>\n<p><\/p>\n<p style=\"font-size: 18px;\"><strong>Sertoxmur<\/strong> (la idea) naci\u00f3 con una clara vocaci\u00f3n de servicio, para atender la incipiente demanda de asesoramiento y apoyo toxicol\u00f3gico y ecotoxicol\u00f3gico (an\u00e1lisis, diagn\u00f3stico, personaci\u00f3n en casos judiciales, \u2026). Hoy, despu\u00e9s de 25 a\u00f1os, <strong>Sertoxmur<\/strong> mantiene esa misma vocaci\u00f3n.<\/p>\n<p><\/p>\n<p><\/p>\n<p style=\"font-size: 18px;\">A trav\u00e9s de <strong>Sertoxmur<\/strong> ofrecemos servicios de formaci\u00f3n, investigaci\u00f3n, innovaci\u00f3n y transferencia de alto nivel y rigor cient\u00edfico y t\u00e9cnico a nuestros clientes y colaboradores.<\/p>\n<p><\/p>\n<p><\/p>\n<p style=\"font-size: 18px;\">Visite las <strong><a href=\"https:\/\/www.sertoxmur.com\/?page_id=4363\">secciones de SerTox-Mur <\/a><\/strong>y si cree que podemos ayudarle en algo o tiene un proyecto toxicol\u00f3gico o ecotoxicol\u00f3gico que llevar a cabo no dude en ponerse en contacto con nosotros.<\/p>\n<p><\/p>\n<p><\/p>\n<p style=\"font-size: 22px;\"><strong>Antonio Juan Garc\u00eda <\/strong>(<a href=\"http:\/\/toxvet@www.sertoxmur.com\/?page_id=3697\">contacto<\/a>)<\/p>\n<p><\/p>\n<\/div>\n<p><\/p>\n<\/div>\n<p><\/p>\n<\/div>\n<p><\/p>\n<\/div>\n<p><\/p>\n<\/div>\n<p><\/p>\t\t\t\t\t\t\t\t<\/div>\n\t\t\t\t<\/div>\n\t\t\t\t\t<\/div>\n\t\t<\/div>\n\t\t\t\t\t<\/div>\n\t\t<\/section>\n\t\t\t\t<\/div>\n\t\t","protected":false},"excerpt":{"rendered":"<p>26 diciembre, 2021 admin Welcome to SerTox-Mur! (v\u00eddeo promocional) En 1992 empec\u00e9 mi carrera docente e investigadora en Toxicolog\u00eda en<\/p>\n","protected":false},"author":1,"featured_media":0,"parent":0,"menu_order":0,"comment_status":"closed","ping_status":"closed","template":"","meta":{"colormag_page_container_layout":"default_layout","colormag_page_sidebar_layout":"default_layout","footnotes":""},"class_list":["post-6239","page","type-page","status-publish","hentry"],"_links":{"self":[{"href":"https:\/\/www.sertoxmur.com\/index.php?rest_route=\/wp\/v2\/pages\/6239","targetHints":{"allow":["GET"]}}],"collection":[{"href":"https:\/\/www.sertoxmur.com\/index.php?rest_route=\/wp\/v2\/pages"}],"about":[{"href":"https:\/\/www.sertoxmur.com\/index.php?rest_route=\/wp\/v2\/types\/page"}],"author":[{"embeddable":true,"href":"https:\/\/www.sertoxmur.com\/index.php?rest_route=\/wp\/v2\/users\/1"}],"replies":[{"embeddable":true,"href":"https:\/\/www.sertoxmur.com\/index.php?rest_route=%2Fwp%2Fv2%2Fcomments&post=6239"}],"version-history":[{"count":0,"href":"https:\/\/www.sertoxmur.com\/index.php?rest_route=\/wp\/v2\/pages\/6239\/revisions"}],"wp:attachment":[{"href":"https:\/\/www.sertoxmur.com\/index.php?rest_route=%2Fwp%2Fv2%2Fmedia&parent=6239"}],"curies":[{"name":"wp","href":"https:\/\/api.w.org\/{rel}","templated":true}]}}