{"id":6312,"date":"2021-12-30T23:42:25","date_gmt":"2021-12-30T23:42:25","guid":{"rendered":"https:\/\/www.sertoxmur.com\/?page_id=6312"},"modified":"2022-09-29T23:05:59","modified_gmt":"2022-09-29T23:05:59","slug":"trabajos-fin-de-grado-y-tesinas","status":"publish","type":"page","link":"https:\/\/www.sertoxmur.com\/?page_id=6312","title":{"rendered":"Trabajos Fin de Grado y Tesinas"},"content":{"rendered":"\n<div class=\"wp-block-group is-layout-flow wp-block-group-is-layout-flow\">\n<div class=\"wp-block-group is-layout-flow wp-block-group-is-layout-flow\">\n<p class=\"has-medium-font-size\">Envenenamientos de fauna en la Meseta Norte y el Levante: Estudio comparativo retrospectivo en el per\u00edodo 2019-2021. Alumna: Arantzazu Garc\u00eda Llamas. Directores: Isabel Navas Ru\u00edz y Antonio J. Garc\u00eda Fern\u00e1ndez. Fecha. Julio 2022.<\/p>\n\n\n\n<p class=\"has-medium-font-size\">Estudio de la composici\u00f3n cadav\u00e9rica en rapaces de peque\u00f1o tama\u00f1o (Cern\u00edcalo com\u00fan, Falco tinnunculus) en condiciones clim\u00e1ticas fr\u00edas en el sudeste peninsular. Alumna: Mar\u00eda Mart\u00ednez L\u00f3pez. Directores: Isabel Navas Ru\u00edz y Pedro Mar\u00eda Mojica. Coordinador: Antonio J. Garc\u00eda Fern\u00e1ndez. Fecha: Julio 2022.<\/p>\n\n\n\n<p class=\"has-medium-font-size\">Evaluaci\u00f3n de la exposici\u00f3n a f\u00e1rmacos veterinarios en buitre leonado (Gyps fulvus) en tres muladares del Levante Espa\u00f1ol. Alumna: Ana Moya Fern\u00e1ndez. Directores: Antonio J. Garc\u00eda Fern\u00e1ndez y Pilar G\u00f3mez. Fecha: Febrero 2022.<\/p>\n\n\n\n<p class=\"has-medium-font-size\">Evaluaci\u00f3n del plumbismo en la malvas\u00eda cabeciblanca del Parque Natural de El Hondo (Alicante) tras la prohibici\u00f3n del uso de munici\u00f3n plomada. Alumna: Paula Vera Noguera. Directores: Isabel Navas Ru\u00edz y Pedro Mar\u00eda Mojica. Coordinador: Antonio J. Garc\u00eda Fern\u00e1ndez. Fecha: Febrero 2022.<\/p>\n\n\n\n<p class=\"has-medium-font-size\">Monitorizaci\u00f3n de insecticidas organoclorados ciclodi\u00e9nicos en huevos de cern\u00edcalos primilla (Falco naumanni) de Sicilia (Italia). Alumna: Miriam Cuello Bravo. Directores: A.J. Garc\u00eda Fern\u00e1ndez e Isabel M. Navas Ru\u00edz. Fecha: Febrero 2022<\/p>\n\n\n\n<p class=\"has-medium-font-size\">An\u00e1lisis de compuestos difenilalif\u00e1ticos en huevos de cern\u00edcalo primilla (<em>Falco naumanni<\/em>) de Sicilia (Italia). Alumna: Beatriz Cord\u00f3n Molina. Directores: A.J. Garc\u00eda Fern\u00e1ndez e Isabel M. Navas Ru\u00edz. Fecha: Septiembre 2021.<\/p>\n\n\n\n<p class=\"has-medium-font-size\">Evaluaci\u00f3n de la exposici\u00f3n y estimaci\u00f3n de riegos por mercurio en dos especies de rapaces forestales del sudeste. Alumna: Esperanza Riquelme Caballero. Directores: AJ Garc\u00eda Fern\u00e1ndez y P. S\u00e1nchez Virosta. Fecha: Junio 2021.<\/p>\n\n\n\n<p class=\"has-medium-font-size\">Problem\u00e1tica del envenenamiento de fauna: Una visi\u00f3n europea. Alumna: Laura Sempere Chaves. Directores: AJ Garc\u00eda Fern\u00e1ndez y P. G\u00f3mez Ram\u00edrez. Fecha: Febrero 2021.<\/p>\n\n\n\n<p class=\"has-medium-font-size\">Estudio piloto del uso de pollos de Martinete, Garza Real y Garza Imperial como biomonitores de la contaminaci\u00f3n por f\u00e1rmacos en medios dulceacu\u00edcolas. Alumno: Juan Pedro Guirao Aniorte. Directores: AJ Garc\u00eda Fern\u00e1ndez y P. G\u00f3mez Ram\u00edrez. Fecha: Septiembre 2020.<\/p>\n\n\n\n<p class=\"has-medium-font-size\">Estudio in vitro en c\u00e9lulas hep\u00e1ticas del efecto inducido por rodenticidas anticoagulantes y sus mezclas sobre el Factor X de la coagulaci\u00f3n. Sergio Alejo P\u00e9rez Henarejos. Directores: AJ Garc\u00eda Fern\u00e1ndez y P. G\u00f3mez Ram\u00edrez. Junio 2020.<\/p>\n\n\n\n<p class=\"has-medium-font-size\">L\u00edmites m\u00e1ximos de residuos (LMR) en productos vegetales: Revisi\u00f3n legislativa de los LMR del clorpirifos y clorpirifos-metilo. Alumna: Julia Esparza S\u00e1nchez Directores: A.J. Garc\u00eda Fern\u00e1ndez e Isabel M. Navas Ru\u00edz. Fecha: Febrero 2020<\/p>\n\n\n\n<p class=\"has-medium-font-size\">An\u00e1lisis de residuos de antibi\u00f3ticos en plasma sangu\u00edneo de buitre leonado <em>(Gyps fulvus)<\/em>, buitre negro (<em>Aegypius monachus) <\/em>y alimoche <em>(Neophron percnopterus). <\/em>Alumna:Laura Mart\u00ednez Qu\u00edlez. Directores: A.J. Garc\u00eda-Fern\u00e1ndez y Pilar G\u00f3mez Ram\u00edrez. Fecha: Febrero 2019.<\/p>\n\n\n\n<p class=\"has-medium-font-size\">An\u00e1lisis de antibi\u00f3ticos en muestras de sueros de aves carro\u00f1eras facultativas. Alumna: Mercedes Andr\u00e9s Esteso Directores: A.J. Garc\u00eda-Fern\u00e1ndez y Pilar G\u00f3mez Ram\u00edrez. Fecha: Julio 2018.<\/p>\n\n\n\n<p class=\"has-medium-font-size\">Relaci\u00f3n entre m\u00e9todos de cocinado e hidrocarburos arom\u00e1ticos polic\u00edclicos: implicaci\u00f3n en el c\u00e1ncer. Alumno: Juan Monje Delgado. Directores: A.J. Garc\u00eda-Fern\u00e1ndez e Isabel Mar\u00eda Navas Ru\u00edz. Fecha: Julio 2018.<\/p>\n\n\n\n<p class=\"has-medium-font-size\">Evaluaci\u00f3n de riesgos asociados al plomo por el consumo de aves de caza de humedales de zonas protegidas. Alumna: Olga Gluszko. Directores: A.J. Garc\u00eda-Fern\u00e1ndez e Isabel Mar\u00eda Navas Ru\u00edz. Fecha: Junio 2017.<\/p>\n\n\n\n<p class=\"has-medium-font-size\">Investigaci\u00f3n forense de causa de muerte de fauna silvestre y especies centinela. Alumna: Joana Concencao. Directores: A.J. Garc\u00eda-Fern\u00e1ndez e Isabel Mar\u00eda Navas Ru\u00edz. Fecha: Junio 2017.<\/p>\n\n\n\n<p class=\"has-medium-font-size\">Evaluaci\u00f3n de la exposici\u00f3n a perdigones de plomo en tarro blanco (<em>Tadorna tadorna<\/em>) en la Albufera de Valencia Alumna: Irene Valverde Dom\u00ednguez. Directores: A.J. Garc\u00eda-Fern\u00e1ndez y Pedro Mar\u00eda Mojica. Fecha: Julio 2016.<\/p>\n\n\n\n<p class=\"has-medium-font-size\">Validaci\u00f3n de una t\u00e9cnica anal\u00edtica para la detecci\u00f3n de neonicotinoides en peque\u00f1os vol\u00famenes de sangre en aves silvestres y evaluaci\u00f3n de la exposici\u00f3n en una poblaci\u00f3n de b\u00faho real en funci\u00f3n del uso agr\u00edcola del suelo.&nbsp; Alumna: Alejandra Taliansky Chamudis. Directores: A.J. Garc\u00eda-Fern\u00e1ndez y Pilar G\u00f3mez Ram\u00edrez . Fecha: Julio 2016.<\/p>\n\n\n\n<p class=\"has-medium-font-size\">Toxicolog\u00eda de los contaminantes ambientales: riesgos para la salud p\u00fablica y el medio ambiente. Alumno: Lorena Carrera Valls. Director: A.J. Garc\u00eda Fern\u00e1ndez. Fecha: Julio 2015.<\/p>\n\n\n\n<p class=\"has-medium-font-size\">Evaluaci\u00f3n de la exposici\u00f3n a mercurio en murci\u00e9lagos de cueva <em>Miniopterus schreibersii<\/em> (Chiroptera: Miniopteridae) de la Cueva de las Yeseras (Murcia). Alumno: B\u00e1rbara Aroca Gonz\u00e1lez. Directores: A.J. Garc\u00eda Fern\u00e1ndez y F. Lis\u00f3n Gil. Fecha: Junio 2012.<\/p>\n\n\n\n<p class=\"has-medium-font-size\">Biomonitorizaci\u00f3n de metales pesados en murci\u00e9lagos del Sureste Ib\u00e9rico mediante el an\u00e1lisis de guano Alumno: Jos\u00e9 Joaqu\u00edn B\u00f3 Mondejar. Directores: A.J. Garc\u00eda Fern\u00e1ndez y Jos\u00e9 Francisco Calvo Send\u00edn. Fecha: Septiembre 2011.<\/p>\n\n\n\n<p class=\"has-medium-font-size\">Metales pesados en sangre de gal\u00e1pagos leprosos (<em>Mauremys leprosa<\/em>) de la Rambla de las Moreras. Alumno: Marina Yelo Vicente. Director: Emma Mart\u00ednez L\u00f3pez y A.J. Garc\u00eda Fern\u00e1ndez. Fecha: Septiembre 2011.<\/p>\n\n\n\n<p class=\"has-medium-font-size\">An\u00e1lisis de Metales en Muestras Procedentes del Ecosistema Acu\u00e1tico de la Rambla de Las Moreras (Mazarr\u00f3n). Alumno: Javier Lojo Pacheco. Directores: A.J. Garc\u00eda Fern\u00e1ndez y E. Mart\u00ednez L\u00f3pez. Fecha: Julio 2011.<\/p>\n\n\n\n<p class=\"has-medium-font-size\">Evaluaci\u00f3n de la exposici\u00f3n a metales pesados en una poblaci\u00f3n de alca com\u00fan (<em>Alca torda<\/em>) del Mediterr\u00e1neo Sudoccidental. Alumno: Pablo S\u00e1nchez Virosta. A.J. Garc\u00eda Fern\u00e1ndez y E. Mart\u00ednez L\u00f3pez. Fecha: Julio 2010.<\/p>\n\n\n\n<p class=\"has-medium-font-size\">Evaluaci\u00f3n de la exposici\u00f3n a plaguicidas organoclorados en una poblaci\u00f3n de alca com\u00fan (Alca torda). Tesinando: Silvia Esp\u00edn Luj\u00e1n. Director: A.J. Garc\u00eda Fern\u00e1ndez y Emma Mart\u00ednez L\u00f3pez. Fecha: 29\/09\/2009<\/p>\n\n\n\n<p class=\"has-medium-font-size\">Residuos de pentobarbital en \u00e9quidos eutanasiados con Dolethal: Riesgo de intoxicaci\u00f3n en aves carro\u00f1eras que los ingieran. Tesinando: Mari Paz Aldeguer Aldeguer. Director: A.J. Garc\u00eda Fern\u00e1ndez y Pedro Mar\u00eda Mojica. Fecha: 2008<\/p>\n\n\n\n<p class=\"has-medium-font-size\">Acumulaci\u00f3n de metales pesados en tejidos de cet\u00e1ceos del Mediterr\u00e1neo Sudoccidental. Alumno: Francisco Miguel Montoro Girona. Director: A.J. Garc\u00eda Fern\u00e1ndez y E. Mart\u00ednez L\u00f3pez. Fecha: Septiembre 2007.<\/p>\n\n\n\n<p class=\"has-medium-font-size\">Influencia de la exposici\u00f3n a insecticidas organoclorados en las poblaciones de <em>Marmaronetta angustirostris <\/em>y <em>Oxyura leucocephala<\/em> del Levante Espa\u00f1ol. Tesinando: Alejandro Hern\u00e1ndez Garc\u00eda. Director: A.J. Garc\u00eda Fern\u00e1ndez y Pedro Mar\u00eda Mojica. Fecha: 2007.<\/p>\n\n\n\n<p class=\"has-medium-font-size\">Efectos a nivel sangu\u00edneo inducidos por el plomo en \u00e1nades reales (<em>Anas platyrhynchos<\/em>) tratados con diferentes tipos de perdigones. Alumno: Mar\u00eda del Carmen S\u00e1nchez Alarc\u00f3n. Directores: A.J. Garc\u00eda Fern\u00e1ndez y D. Romero. Fecha: Marzo 2007.<\/p>\n\n\n\n<p class=\"has-medium-font-size\">Diferencias en el comportamiento acumulativo del plomo en tejidos de \u00e1nades reales expuestos a diferentes tipos de perdigones. Alumno: M\u00f3nica Mart\u00ednez Zamora. Director: A.J. Garc\u00eda Fern\u00e1ndez y P. Mar\u00eda-Mojica. Fecha: Marzo 2007.<\/p>\n\n\n\n<p class=\"has-medium-font-size\">Acumulaci\u00f3n y distribuci\u00f3n de metales pesados en tortuga boba (<em>Caretta caretta<\/em>) del Mediterr\u00e1neo sudoccidental. Tesinando: Pilar G\u00f3mez Ram\u00edrez. Director: A.J. Garc\u00eda Fern\u00e1ndez y E. Mart\u00ednez L\u00f3pez. Fecha: Octubre 2006.<\/p>\n\n\n\n<p class=\"has-medium-font-size\">Utilidad de los excrementos de nutria (<em>Lutra lutra<\/em>) como unidad monitora de la exposici\u00f3n a metales pesados. Alumno: Alicia Montano Sim\u00f3n. Director: A.J. Garc\u00eda Fern\u00e1ndez y J.F. Calvo. Fecha: Diciembre 2005.<\/p>\n\n\n\n<p class=\"has-medium-font-size\">Excrementos de nutria (<em>Lutra lutra<\/em>) como unidad monitora de la exposici\u00f3n a organoclorados. Alumno: Raquel P\u00e9rez G\u00f3mez-Daimiel. Director: A.J. Garc\u00eda Fern\u00e1ndez y J.F. Calvo. Fecha: Julio 2005.<\/p>\n\n\n\n<p class=\"has-medium-font-size\">Puesta a punto de m\u00e9todos in vitro para evaluar la toxicidad del plomo y cadmio en buitres leonados (<em>Gyps fulvus<\/em>) del Parque Natural de Cazorla. Alumno: Juan Francisco S\u00e1nchez P\u00e9rez. Director: A.J. Garc\u00eda Fern\u00e1ndez y D. Romero. Fecha: Septiembre 2004.<\/p>\n\n\n\n<p class=\"has-medium-font-size\">Evaluaci\u00f3n de la exposici\u00f3n a plaguicidas organoclorados en focha com\u00fan y porr\u00f3n com\u00fan en el Parque Natural de El Hondo. Alumno: Isabel Mar\u00eda Mart\u00ednez Alcal\u00e1. Director: A.J. Garc\u00eda Fern\u00e1ndez y P. Mar\u00eda Mojica. Fecha: Septiembre 2004.<\/p>\n\n\n\n<p class=\"has-medium-font-size\">Plumbismo en el Parque Natural de El Hondo: estudio del grado de erosi\u00f3n de los perdigones de plomo en lodos y su impacto sobre las aves acu\u00e1ticas que los ingieren. Alumno: Sandra Bueno F\u00e9rez. Director: A.J. Garc\u00eda Fern\u00e1ndez y P. Mar\u00eda Mojica. Fecha: Julio 2004.<\/p>\n\n\n\n<p class=\"has-medium-font-size\">Plumbismo en el Parque Natural de El Hondo: Evaluaci\u00f3n de la Exposici\u00f3n a metales en Aves Acu\u00e1ticas Capturadas. Alumno: Rebeca Mart\u00ednez Mart\u00ednez-Espejo. Director: A.J. Garc\u00eda Fern\u00e1ndez y P. Mar\u00eda Mojica. Fecha: Julio 2004.<\/p>\n\n\n\n<p class=\"has-medium-font-size\">Monitorizaci\u00f3n de la exposici\u00f3n a plomo y su relaci\u00f3n con cadmio, cobre y zinc en dos especies de aves del Parque Natural de \u201cEl Hondo\u201d. Alumno: Alejandro Mart\u00ednez Navarro. Director: A.J. Garc\u00eda Fern\u00e1ndez. Fecha: Julio 2004.<\/p>\n\n\n\n<p class=\"has-medium-font-size\">Metales pesados en sangre y plumas de aves rapaces del N.O. de la Regi\u00f3n de Murcia: Bioindicadores de contaminaci\u00f3n ambiental, exposici\u00f3n y efecto. Tesinando: Emma Mart\u00ednez L\u00f3pez. Director: A.J. Garc\u00eda Fern\u00e1ndez. Fecha: 2001.<\/p>\n\n\n\n<p class=\"has-medium-font-size\">Aplicaci\u00f3n del m\u00e9todo colorim\u00e9trico MTT-Tetrazolio a la evaluaci\u00f3n citot\u00f3xica del plomo en dos l\u00edneas celulares de origen renal. Tesinando: Diego Romero Garc\u00eda. Director: A.J. Garc\u00eda Fern\u00e1ndez. Fecha: 1998.<\/p>\n\n\n\n<p class=\"has-medium-font-size\">Estudio cl\u00ednico-experimental de la exposici\u00f3n subcr\u00f3nica a cadmio. Tesinando: Miguel Motas Guzm\u00e1n. Directores: A.J. Garc\u00eda Fern\u00e1ndez y M. G\u00f3mez. Fecha: Febrero 1998. El Cern\u00edcalo vulgar (<em>Falco tinnunculus<\/em>) como biomonitor de la contaminaci\u00f3n ambiental por insecticidas organoclorados en la Regi\u00f3n de Murcia. Tesinando: Pedro Mar\u00eda Mojica. Directores: J.A. S\u00e1nchez y A.J. Garc\u00eda Fern\u00e1ndez. Fecha: Abril 1996.<\/p>\n<\/div>\n<\/div>\n","protected":false},"excerpt":{"rendered":"<p>Envenenamientos de fauna en la Meseta Norte y el Levante: Estudio comparativo retrospectivo en el per\u00edodo 2019-2021. Alumna: Arantzazu Garc\u00eda<\/p>\n","protected":false},"author":1,"featured_media":4858,"parent":0,"menu_order":0,"comment_status":"closed","ping_status":"closed","template":"","meta":{"colormag_page_container_layout":"default_layout","colormag_page_sidebar_layout":"default_layout","footnotes":""},"class_list":["post-6312","page","type-page","status-publish","has-post-thumbnail","hentry"],"_links":{"self":[{"href":"https:\/\/www.sertoxmur.com\/index.php?rest_route=\/wp\/v2\/pages\/6312","targetHints":{"allow":["GET"]}}],"collection":[{"href":"https:\/\/www.sertoxmur.com\/index.php?rest_route=\/wp\/v2\/pages"}],"about":[{"href":"https:\/\/www.sertoxmur.com\/index.php?rest_route=\/wp\/v2\/types\/page"}],"author":[{"embeddable":true,"href":"https:\/\/www.sertoxmur.com\/index.php?rest_route=\/wp\/v2\/users\/1"}],"replies":[{"embeddable":true,"href":"https:\/\/www.sertoxmur.com\/index.php?rest_route=%2Fwp%2Fv2%2Fcomments&post=6312"}],"version-history":[{"count":0,"href":"https:\/\/www.sertoxmur.com\/index.php?rest_route=\/wp\/v2\/pages\/6312\/revisions"}],"wp:featuredmedia":[{"embeddable":true,"href":"https:\/\/www.sertoxmur.com\/index.php?rest_route=\/wp\/v2\/media\/4858"}],"wp:attachment":[{"href":"https:\/\/www.sertoxmur.com\/index.php?rest_route=%2Fwp%2Fv2%2Fmedia&parent=6312"}],"curies":[{"name":"wp","href":"https:\/\/api.w.org\/{rel}","templated":true}]}}